CRAN Package Check Results for Package redoc

Last updated on 2023-12-01 07:50:17 CET.

Flavor Version Tinstall Tcheck Ttotal Status Flags
r-devel-linux-x86_64-debian-clang 2.0.0.75 1.66 24.88 26.54 OK
r-devel-linux-x86_64-debian-gcc 2.0.0.75 1.64 19.69 21.33 OK
r-devel-linux-x86_64-fedora-clang 2.0.0.75 34.29 OK
r-devel-linux-x86_64-fedora-gcc 2.0.0.75 32.67 OK
r-devel-windows-x86_64 2.0.0.75 3.00 42.00 45.00 OK
r-patched-linux-x86_64 2.0.0.75 2.36 25.18 27.54 OK
r-release-linux-x86_64 2.0.0.75 1.66 24.66 26.32 OK
r-release-macos-arm64 2.0.0.75 16.00 OK
r-release-macos-x86_64 2.0.0.75 45.00 OK
r-release-windows-x86_64 2.0.0.75 3.00 41.00 44.00 OK
r-oldrel-macos-arm64 2.0.0.75 21.00 OK
r-oldrel-macos-x86_64 2.0.0.49 20.00 NOTE
r-oldrel-windows-x86_64 2.0.0.75 4.00 46.00 50.00 OK

Check Details

Version: 2.0.0.49
Check: LazyData
Result: NOTE 'LazyData' is specified without a 'data' directory Flavor: r-oldrel-macos-x86_64