CRAN Package Check Results for Package redistmetrics

Last updated on 2023-05-28 20:04:07 CEST.

Flavor Version Tinstall Tcheck Ttotal Status Flags
r-devel-linux-x86_64-debian-clang 1.0.2 122.34 87.81 210.15 NOTE
r-devel-linux-x86_64-debian-gcc 1.0.2 96.49 67.02 163.51 NOTE
r-devel-linux-x86_64-fedora-clang 1.0.2 317.50 NOTE
r-devel-linux-x86_64-fedora-gcc 1.0.2 312.11 NOTE
r-devel-windows-x86_64 1.0.2 98.00 122.00 220.00 NOTE
r-patched-linux-x86_64 1.0.2 106.69 83.31 190.00 NOTE
r-release-linux-x86_64 1.0.2 99.93 82.47 182.40 NOTE
r-release-macos-arm64 1.0.2 85.00 NOTE
r-release-macos-x86_64 1.0.2 147.00 NOTE
r-release-windows-x86_64 1.0.2 123.00 140.00 263.00 NOTE
r-oldrel-macos-arm64 1.0.2 78.00 OK
r-oldrel-macos-x86_64 1.0.2 123.00 OK
r-oldrel-windows-x86_64 1.0.2 120.00 130.00 250.00 OK

Check Details

Version: 1.0.2
Check: C++ specification
Result: NOTE
     Specified C++11: please drop specification unless essential
Flavors: r-devel-linux-x86_64-debian-clang, r-devel-linux-x86_64-debian-gcc, r-devel-linux-x86_64-fedora-clang, r-devel-linux-x86_64-fedora-gcc, r-devel-windows-x86_64, r-patched-linux-x86_64, r-release-linux-x86_64, r-release-macos-arm64, r-release-macos-x86_64, r-release-windows-x86_64