Last updated on 2023-06-05 20:57:48 CEST.
Flavor | Version | Tinstall | Tcheck | Ttotal | Status | Flags |
---|---|---|---|---|---|---|
r-devel-linux-x86_64-debian-clang | 4.1.1 | 492.17 | 379.31 | 871.48 | OK | |
r-devel-linux-x86_64-debian-gcc | 4.1.1 | 377.02 | 284.66 | 661.68 | OK | |
r-devel-linux-x86_64-fedora-clang | 4.1.1 | 1347.79 | NOTE | |||
r-devel-linux-x86_64-fedora-gcc | 4.1.1 | 1242.25 | OK | |||
r-devel-windows-x86_64 | 4.1.1 | 364.00 | 353.00 | 717.00 | NOTE | |
r-patched-linux-x86_64 | 4.1.1 | 305.58 | 358.00 | 663.58 | OK | |
r-release-linux-x86_64 | 4.1.1 | 299.09 | 361.03 | 660.12 | OK | |
r-release-macos-arm64 | 4.1.1 | 292.00 | NOTE | |||
r-release-macos-x86_64 | 4.1.1 | 485.00 | NOTE | |||
r-release-windows-x86_64 | 4.1.1 | 461.00 | 453.00 | 914.00 | NOTE | |
r-oldrel-macos-arm64 | 4.1.1 | 300.00 | NOTE | |||
r-oldrel-macos-x86_64 | 4.1.1 | 343.00 | NOTE | |||
r-oldrel-windows-x86_64 | 4.1.1 | 468.00 | 414.00 | 882.00 | NOTE |
Version: 4.1.1
Check: installed package size
Result: NOTE
installed size is 5.2Mb
sub-directories of 1Mb or more:
data 1.2Mb
libs 1.4Mb
Flavors: r-devel-linux-x86_64-fedora-clang, r-devel-windows-x86_64, r-release-macos-arm64, r-release-macos-x86_64, r-release-windows-x86_64, r-oldrel-macos-arm64, r-oldrel-macos-x86_64, r-oldrel-windows-x86_64
Version: 4.1.1
Check: package dependencies
Result: NOTE
Package suggested but not available for checking: ‘Rmpi’
Flavors: r-release-macos-arm64, r-release-macos-x86_64, r-oldrel-macos-arm64, r-oldrel-macos-x86_64