CRAN Package Check Results for Package recurse

Last updated on 2023-05-29 08:55:08 CEST.

Flavor Version Tinstall Tcheck Ttotal Status Flags
r-devel-linux-x86_64-debian-clang 1.1.2 27.15 97.42 124.57 NOTE
r-devel-linux-x86_64-debian-gcc 1.1.2 19.59 74.82 94.41 NOTE
r-devel-linux-x86_64-fedora-clang 1.1.2 168.44 NOTE
r-devel-linux-x86_64-fedora-gcc 1.1.2 168.60 NOTE
r-devel-windows-x86_64 1.1.2 17.00 111.00 128.00 NOTE
r-patched-linux-x86_64 1.1.2 23.60 91.74 115.34 NOTE
r-release-linux-x86_64 1.1.2 20.85 93.24 114.09 NOTE
r-release-macos-arm64 1.1.2 46.00 NOTE
r-release-macos-x86_64 1.1.2 76.00 NOTE
r-release-windows-x86_64 1.1.2 29.00 133.00 162.00 NOTE
r-oldrel-macos-arm64 1.1.2 42.00 OK
r-oldrel-macos-x86_64 1.1.2 60.00 OK
r-oldrel-windows-x86_64 1.1.2 24.00 129.00 153.00 OK

Check Details

Version: 1.1.2
Check: C++ specification
Result: NOTE
     Specified C++11: please drop specification unless essential
Flavors: r-devel-linux-x86_64-debian-clang, r-devel-linux-x86_64-debian-gcc, r-devel-linux-x86_64-fedora-clang, r-devel-linux-x86_64-fedora-gcc, r-devel-windows-x86_64, r-patched-linux-x86_64, r-release-linux-x86_64, r-release-macos-arm64, r-release-macos-x86_64, r-release-windows-x86_64