Last updated on 2023-06-04 08:57:19 CEST.
Flavor | Version | Tinstall | Tcheck | Ttotal | Status | Flags |
---|---|---|---|---|---|---|
r-devel-linux-x86_64-debian-clang | 0.1.2 | 27.70 | 73.21 | 100.91 | NOTE | |
r-devel-linux-x86_64-debian-gcc | 0.1.2 | 20.37 | 53.71 | 74.08 | NOTE | |
r-devel-linux-x86_64-fedora-clang | 0.1.2 | 136.65 | NOTE | |||
r-devel-linux-x86_64-fedora-gcc | 0.1.2 | 133.80 | NOTE | |||
r-devel-windows-x86_64 | 0.1.2 | 25.00 | 94.00 | 119.00 | NOTE | |
r-patched-linux-x86_64 | 0.1.2 | 27.64 | 66.43 | 94.07 | NOTE | |
r-release-linux-x86_64 | 0.1.2 | 22.52 | 66.85 | 89.37 | NOTE | |
r-release-macos-arm64 | 0.1.2 | 50.00 | NOTE | |||
r-release-macos-x86_64 | 0.1.2 | 76.00 | NOTE | |||
r-release-windows-x86_64 | 0.1.2 | 32.00 | 110.00 | 142.00 | NOTE | |
r-oldrel-macos-arm64 | 0.1.2 | 41.00 | OK | |||
r-oldrel-macos-x86_64 | 0.1.2 | 70.00 | OK | |||
r-oldrel-windows-x86_64 | 0.1.2 | 29.00 | 103.00 | 132.00 | OK |
Version: 0.1.2
Check: C++ specification
Result: NOTE
Specified C++11: please drop specification unless essential
Flavors: r-devel-linux-x86_64-debian-clang, r-devel-linux-x86_64-debian-gcc, r-devel-linux-x86_64-fedora-clang, r-devel-linux-x86_64-fedora-gcc, r-devel-windows-x86_64, r-patched-linux-x86_64, r-release-linux-x86_64, r-release-macos-arm64, r-release-macos-x86_64, r-release-windows-x86_64