Last updated on 2023-11-30 18:49:41 CET.
Flavor | Version | Tinstall | Tcheck | Ttotal | Status | Flags |
---|---|---|---|---|---|---|
r-devel-linux-x86_64-debian-clang | 1.2 | 4.02 | 35.68 | 39.70 | NOTE | |
r-devel-linux-x86_64-debian-gcc | 1.2 | 3.15 | 27.69 | 30.84 | NOTE | |
r-devel-linux-x86_64-fedora-clang | 1.2 | 49.97 | NOTE | |||
r-devel-linux-x86_64-fedora-gcc | 1.2 | 47.30 | NOTE | |||
r-devel-windows-x86_64 | 1.2 | 5.00 | 53.00 | 58.00 | NOTE | |
r-patched-linux-x86_64 | 1.2 | 4.45 | 35.00 | 39.45 | NOTE | |
r-release-linux-x86_64 | 1.2 | 3.28 | 34.58 | 37.86 | NOTE | |
r-release-macos-arm64 | 1.2 | 20.00 | NOTE | |||
r-release-macos-x86_64 | 1.2 | 24.00 | NOTE | |||
r-release-windows-x86_64 | 1.2 | 6.00 | 52.00 | 58.00 | NOTE | |
r-oldrel-macos-arm64 | 1.2 | 21.00 | NOTE | |||
r-oldrel-macos-x86_64 | 1.2 | 27.00 | NOTE | |||
r-oldrel-windows-x86_64 | 1.2 | 6.00 | 56.00 | 62.00 | NOTE |
Version: 1.2
Check: LazyData
Result: NOTE
'LazyData' is specified without a 'data' directory
Flavors: r-devel-linux-x86_64-debian-clang, r-devel-linux-x86_64-debian-gcc, r-devel-linux-x86_64-fedora-clang, r-devel-linux-x86_64-fedora-gcc, r-devel-windows-x86_64, r-patched-linux-x86_64, r-release-linux-x86_64, r-release-macos-arm64, r-release-macos-x86_64, r-release-windows-x86_64, r-oldrel-macos-arm64, r-oldrel-macos-x86_64, r-oldrel-windows-x86_64