Last updated on 2024-03-28 07:53:00 CET.
Flavor | Version | Tinstall | Tcheck | Ttotal | Status | Flags |
---|---|---|---|---|---|---|
r-devel-linux-x86_64-debian-clang | 0.3.0 | 81.79 | 71.88 | 153.67 | OK | |
r-devel-linux-x86_64-debian-gcc | 0.3.0 | 66.86 | 56.20 | 123.06 | OK | |
r-devel-linux-x86_64-fedora-clang | 0.3.0 | 215.97 | OK | |||
r-devel-linux-x86_64-fedora-gcc | 0.3.0 | 229.45 | OK | |||
r-devel-windows-x86_64 | 0.3.0 | 64.00 | 92.00 | 156.00 | OK | |
r-patched-linux-x86_64 | 0.3.0 | 85.61 | 66.87 | 152.48 | OK | |
r-release-linux-x86_64 | 0.3.0 | 87.31 | 66.55 | 153.86 | OK | |
r-release-macos-arm64 | 0.3.0 | 63.00 | NOTE | |||
r-release-macos-x86_64 | 0.3.0 | 90.00 | NOTE | |||
r-release-windows-x86_64 | 0.3.0 | 78.00 | 109.00 | 187.00 | OK | |
r-oldrel-macos-arm64 | 0.3.0 | 55.00 | NOTE | |||
r-oldrel-windows-x86_64 | 0.3.0 | 70.00 | 108.00 | 178.00 | OK |
Version: 0.3.0
Check: installed package size
Result: NOTE
installed size is 5.2Mb
sub-directories of 1Mb or more:
doc 2.5Mb
libs 2.6Mb
Flavors: r-release-macos-arm64, r-release-macos-x86_64, r-oldrel-macos-arm64