Last updated on 2024-04-24 20:54:19 CEST.
Flavor | Version | Tinstall | Tcheck | Ttotal | Status | Flags |
---|---|---|---|---|---|---|
r-devel-linux-x86_64-debian-clang | 0.91 | 6.74 | 72.98 | 79.72 | OK | |
r-devel-linux-x86_64-debian-gcc | 0.91 | 4.68 | 54.57 | 59.25 | OK | |
r-devel-linux-x86_64-fedora-clang | 0.91 | 99.54 | NOTE | |||
r-devel-linux-x86_64-fedora-gcc | 0.91 | 109.32 | NOTE | |||
r-devel-windows-x86_64 | 0.91 | 6.00 | 74.00 | 80.00 | OK | |
r-patched-linux-x86_64 | 0.91 | 13.34 | 69.08 | 82.42 | OK | |
r-release-linux-x86_64 | 0.91 | 6.55 | 67.41 | 73.96 | OK | |
r-release-macos-arm64 | 0.91 | 40.00 | OK | |||
r-release-macos-x86_64 | 0.91 | 99.00 | OK | |||
r-release-windows-x86_64 | 0.91 | 6.00 | 74.00 | 80.00 | OK | |
r-oldrel-macos-arm64 | 0.91 | 35.00 | OK | |||
r-oldrel-macos-x86_64 | 0.91 | 83.00 | OK | |||
r-oldrel-windows-x86_64 | 0.91 | 8.00 | 82.00 | 90.00 | OK |
Version: 0.91
Check: data for non-ASCII characters
Result: NOTE
Note: found 1 marked Latin-1 string
Note: found 1 marked UTF-8 string
Note: found 7 strings marked as "bytes"
Flavors: r-devel-linux-x86_64-fedora-clang, r-devel-linux-x86_64-fedora-gcc