CRAN Package Check Results for Package reReg

Last updated on 2023-05-29 08:55:08 CEST.

Flavor Version Tinstall Tcheck Ttotal Status Flags
r-devel-linux-x86_64-debian-clang 1.4.5 58.55 158.88 217.43 NOTE
r-devel-linux-x86_64-debian-gcc 1.4.5 51.41 117.50 168.91 NOTE
r-devel-linux-x86_64-fedora-clang 1.4.5 285.99 NOTE
r-devel-linux-x86_64-fedora-gcc 1.4.5 275.60 NOTE
r-devel-windows-x86_64 1.4.5 49.00 142.00 191.00 NOTE
r-patched-linux-x86_64 1.4.5 53.38 150.48 203.86 NOTE
r-release-linux-x86_64 1.4.5 38.54 149.43 187.97 NOTE
r-release-macos-arm64 1.4.5 69.00 NOTE
r-release-macos-x86_64 1.4.5 118.00 NOTE
r-release-windows-x86_64 1.4.5 65.00 184.00 249.00 NOTE
r-oldrel-macos-arm64 1.4.5 64.00 OK
r-oldrel-macos-x86_64 1.4.5 99.00 OK
r-oldrel-windows-x86_64 1.4.5 63.00 167.00 230.00 OK

Check Details

Version: 1.4.5
Check: C++ specification
Result: NOTE
     Specified C++11: please drop specification unless essential
Flavors: r-devel-linux-x86_64-debian-clang, r-devel-linux-x86_64-debian-gcc, r-devel-linux-x86_64-fedora-clang, r-devel-linux-x86_64-fedora-gcc, r-devel-windows-x86_64, r-patched-linux-x86_64, r-release-linux-x86_64, r-release-macos-arm64, r-release-macos-x86_64, r-release-windows-x86_64