CRAN Package Check Results for Package rdtLite

Last updated on 2023-12-09 18:54:28 CET.

Flavor Version Tinstall Tcheck Ttotal Status Flags
r-devel-linux-x86_64-debian-clang 1.4 6.40 46.77 53.17 OK
r-devel-linux-x86_64-debian-gcc 1.4 5.06 35.10 40.16 OK
r-devel-linux-x86_64-fedora-clang 1.4 71.89 NOTE
r-devel-linux-x86_64-fedora-gcc 1.4 80.56 NOTE
r-devel-windows-x86_64 1.4 8.00 53.00 61.00 OK
r-patched-linux-x86_64 1.4 6.39 43.63 50.02 OK
r-release-linux-x86_64 1.4 7.37 43.22 50.59 OK
r-release-macos-arm64 1.4 30.00 OK
r-release-macos-x86_64 1.4 44.00 OK
r-release-windows-x86_64 1.4 11.00 57.00 68.00 OK
r-oldrel-macos-arm64 1.4 23.00 NOTE
r-oldrel-macos-x86_64 1.4 32.00 NOTE
r-oldrel-windows-x86_64 1.4 10.00 62.00 72.00 OK

Check Details

Version: 1.4
Check: dependencies in R code
Result: NOTE Namespace in Imports field not imported from: ‘gtools’ All declared Imports should be used. Flavors: r-devel-linux-x86_64-fedora-clang, r-devel-linux-x86_64-fedora-gcc, r-oldrel-macos-arm64, r-oldrel-macos-x86_64