Last updated on 2023-06-04 08:57:19 CEST.
Flavor | Version | Tinstall | Tcheck | Ttotal | Status | Flags |
---|---|---|---|---|---|---|
r-devel-linux-x86_64-debian-clang | 1.8.8 | 4.61 | 37.86 | 42.47 | NOTE | |
r-devel-linux-x86_64-debian-gcc | 1.8.8 | 3.30 | 29.17 | 32.47 | NOTE | |
r-devel-linux-x86_64-fedora-clang | 1.8.8 | 54.56 | NOTE | |||
r-devel-linux-x86_64-fedora-gcc | 1.8.8 | 49.94 | NOTE | |||
r-devel-windows-x86_64 | 1.8.8 | 5.00 | 53.00 | 58.00 | NOTE | |
r-patched-linux-x86_64 | 1.8.8 | 4.57 | 36.61 | 41.18 | NOTE | |
r-release-linux-x86_64 | 1.8.8 | 4.14 | 36.63 | 40.77 | NOTE | |
r-release-macos-arm64 | 1.8.8 | 21.00 | NOTE | |||
r-release-macos-x86_64 | 1.8.8 | 29.00 | NOTE | |||
r-release-windows-x86_64 | 1.8.8 | 6.00 | 58.00 | 64.00 | NOTE | |
r-oldrel-macos-arm64 | 1.8.8 | 21.00 | NOTE | |||
r-oldrel-macos-x86_64 | 1.8.8 | 30.00 | NOTE | |||
r-oldrel-windows-x86_64 | 1.8.8 | 5.00 | 62.00 | 67.00 | NOTE |
Version: 1.8.8
Check: package dependencies
Result: NOTE
Package suggested but not available for checking: ‘rrelaxiv’
Flavors: r-devel-linux-x86_64-debian-clang, r-devel-linux-x86_64-debian-gcc, r-devel-linux-x86_64-fedora-clang, r-devel-linux-x86_64-fedora-gcc, r-devel-windows-x86_64, r-patched-linux-x86_64, r-release-linux-x86_64, r-release-macos-arm64, r-release-macos-x86_64, r-release-windows-x86_64, r-oldrel-macos-arm64, r-oldrel-macos-x86_64, r-oldrel-windows-x86_64