Last updated on 2023-05-30 09:00:44 CEST.
Flavor | Version | Tinstall | Tcheck | Ttotal | Status | Flags |
---|---|---|---|---|---|---|
r-devel-linux-x86_64-debian-clang | 1.0.2 | 43.10 | 76.80 | 119.90 | NOTE | |
r-devel-linux-x86_64-debian-gcc | 1.0.2 | 36.33 | 59.93 | 96.26 | NOTE | |
r-devel-linux-x86_64-fedora-clang | 1.0.2 | 167.26 | NOTE | |||
r-devel-linux-x86_64-fedora-gcc | 1.0.2 | 163.35 | NOTE | |||
r-devel-windows-x86_64 | 1.0.2 | 35.00 | 96.00 | 131.00 | NOTE | |
r-patched-linux-x86_64 | 1.0.2 | 38.60 | 74.30 | 112.90 | NOTE | |
r-release-linux-x86_64 | 1.0.2 | 36.88 | 75.60 | 112.48 | NOTE | |
r-release-macos-arm64 | 1.0.2 | 49.00 | NOTE | |||
r-release-macos-x86_64 | 1.0.2 | 78.00 | NOTE | |||
r-release-windows-x86_64 | 1.0.2 | 48.00 | 117.00 | 165.00 | NOTE | |
r-oldrel-macos-arm64 | 1.0.2 | 44.00 | NOTE | |||
r-oldrel-macos-x86_64 | 1.0.2 | 78.00 | NOTE | |||
r-oldrel-windows-x86_64 | 1.0.2 | 46.00 | 107.00 | 153.00 | OK |
Version: 1.0.2
Check: C++ specification
Result: NOTE
Specified C++11: please drop specification unless essential
Flavors: r-devel-linux-x86_64-debian-clang, r-devel-linux-x86_64-debian-gcc, r-devel-linux-x86_64-fedora-clang, r-devel-linux-x86_64-fedora-gcc, r-devel-windows-x86_64, r-patched-linux-x86_64, r-release-linux-x86_64, r-release-macos-arm64, r-release-macos-x86_64, r-release-windows-x86_64
Version: 1.0.2
Check: dependencies in R code
Result: NOTE
Namespace in Imports field not imported from: ‘dplyr’
All declared Imports should be used.
Flavors: r-devel-linux-x86_64-fedora-clang, r-devel-linux-x86_64-fedora-gcc, r-oldrel-macos-arm64, r-oldrel-macos-x86_64