Last updated on 2023-10-01 08:52:08 CEST.
Flavor | Version | Tinstall | Tcheck | Ttotal | Status | Flags |
---|---|---|---|---|---|---|
r-devel-linux-x86_64-debian-clang | 1.2.5 | 187.63 | 446.78 | 634.41 | NOTE | |
r-devel-linux-x86_64-debian-gcc | 1.2.5 | 153.76 | 334.06 | 487.82 | NOTE | |
r-devel-linux-x86_64-fedora-clang | 1.2.5 | 789.59 | NOTE | |||
r-devel-linux-x86_64-fedora-gcc | 1.2.5 | 889.41 | NOTE | |||
r-devel-windows-x86_64 | 1.2.5 | 157.00 | 395.00 | 552.00 | NOTE | |
r-patched-linux-x86_64 | 1.2.5 | 149.15 | 437.75 | 586.90 | NOTE | |
r-release-linux-x86_64 | 1.2.5 | 142.58 | 436.17 | 578.75 | NOTE | |
r-release-macos-arm64 | 1.2.5 | 232.00 | NOTE | |||
r-release-macos-x86_64 | 1.2.5 | 637.00 | NOTE | |||
r-release-windows-x86_64 | 1.2.5 | 205.00 | 521.00 | 726.00 | NOTE | |
r-oldrel-macos-arm64 | 1.2.5 | 228.00 | NOTE | |||
r-oldrel-macos-x86_64 | 1.2.5 | 307.00 | NOTE | |||
r-oldrel-windows-x86_64 | 1.2.5 | 196.00 | 478.00 | 674.00 | NOTE |
Version: 1.2.5
Check: for GNU extensions in Makefiles
Result: NOTE
GNU make is a SystemRequirements.
Flavors: r-devel-linux-x86_64-debian-clang, r-devel-linux-x86_64-debian-gcc, r-devel-linux-x86_64-fedora-clang, r-devel-linux-x86_64-fedora-gcc, r-devel-windows-x86_64, r-patched-linux-x86_64, r-release-linux-x86_64, r-release-macos-arm64, r-release-macos-x86_64, r-release-windows-x86_64, r-oldrel-macos-arm64, r-oldrel-macos-x86_64, r-oldrel-windows-x86_64
Version: 1.2.5
Check: installed package size
Result: NOTE
installed size is 44.1Mb
sub-directories of 1Mb or more:
libs 42.9Mb
Flavors: r-release-macos-arm64, r-release-macos-x86_64, r-oldrel-macos-arm64, r-oldrel-macos-x86_64