Last updated on 2023-09-20 19:54:52 CEST.
Flavor | Version | Tinstall | Tcheck | Ttotal | Status | Flags |
---|---|---|---|---|---|---|
r-devel-linux-x86_64-debian-clang | 1.0.3 | 74.21 | 53.06 | 127.27 | OK | |
r-devel-linux-x86_64-debian-gcc | 1.0.3 | 45.69 | 39.80 | 85.49 | OK | |
r-devel-linux-x86_64-fedora-clang | 1.0.3 | 176.55 | OK | |||
r-devel-linux-x86_64-fedora-gcc | 1.0.3 | 165.31 | OK | |||
r-devel-windows-x86_64 | 1.0.3 | 49.00 | 469.00 | 518.00 | NOTE | |
r-patched-linux-x86_64 | 1.0.3 | 68.17 | 51.58 | 119.75 | OK | |
r-release-linux-x86_64 | 1.0.3 | 68.35 | 52.04 | 120.39 | OK | |
r-release-macos-arm64 | 1.0.3 | 43.00 | NOTE | |||
r-release-macos-x86_64 | 1.0.3 | 70.00 | NOTE | |||
r-release-windows-x86_64 | 1.0.3 | 62.00 | 1034.00 | 1096.00 | NOTE | |
r-oldrel-macos-arm64 | 1.0.3 | 40.00 | NOTE | |||
r-oldrel-macos-x86_64 | 1.0.3 | 56.00 | OK | |||
r-oldrel-windows-x86_64 | 1.0.3 | 59.00 | 610.00 | 669.00 | OK |
Version: 1.0.3
Check: C++ specification
Result: NOTE
Specified C++11: please drop specification unless essential
Flavors: r-devel-windows-x86_64, r-release-windows-x86_64
Version: 1.0.3
Check: package dependencies
Result: NOTE
Package suggested but not available for checking: ‘rhdf5’
Flavors: r-release-macos-arm64, r-release-macos-x86_64, r-oldrel-macos-arm64