Last updated on 2024-03-29 07:54:53 CET.
Flavor | Version | Tinstall | Tcheck | Ttotal | Status | Flags |
---|---|---|---|---|---|---|
r-devel-linux-x86_64-debian-clang | 0.37.3 | 129.33 | 153.93 | 283.26 | NOTE | |
r-devel-linux-x86_64-debian-gcc | 0.37.3 | 101.19 | 112.57 | 213.76 | NOTE | |
r-devel-linux-x86_64-fedora-clang | 0.37.3 | 415.58 | NOTE | |||
r-devel-linux-x86_64-fedora-gcc | 0.37.3 | 380.57 | NOTE | |||
r-devel-windows-x86_64 | 0.37.3 | 101.00 | 156.00 | 257.00 | OK | |
r-patched-linux-x86_64 | 0.37.3 | 96.29 | 142.79 | 239.08 | NOTE | |
r-release-linux-x86_64 | 0.37.3 | 91.57 | 144.25 | 235.82 | NOTE | |
r-release-macos-arm64 | 0.37.3 | 84.00 | NOTE | |||
r-release-macos-x86_64 | 0.37.3 | 162.00 | NOTE | |||
r-release-windows-x86_64 | 0.37.3 | 134.00 | 193.00 | 327.00 | NOTE | |
r-oldrel-macos-arm64 | 0.37.3 | 82.00 | NOTE | |||
r-oldrel-windows-x86_64 | 0.37.3 | 124.00 | 173.00 | 297.00 | NOTE |
Version: 0.37.3
Check: package dependencies
Result: NOTE
Package suggested but not available for checking: ‘raybevel’
Flavors: r-devel-linux-x86_64-debian-clang, r-devel-linux-x86_64-debian-gcc, r-devel-linux-x86_64-fedora-clang, r-devel-linux-x86_64-fedora-gcc, r-patched-linux-x86_64, r-release-linux-x86_64, r-release-macos-arm64, r-release-macos-x86_64, r-oldrel-macos-arm64
Version: 0.37.3
Check: installed package size
Result: NOTE
installed size is 7.2Mb
sub-directories of 1Mb or more:
data 2.9Mb
libs 3.3Mb
Flavors: r-release-macos-arm64, r-release-macos-x86_64, r-release-windows-x86_64, r-oldrel-macos-arm64, r-oldrel-windows-x86_64