Last updated on 2025-01-23 07:50:26 CET.
Flavor | Version | Tinstall | Tcheck | Ttotal | Status | Flags |
---|---|---|---|---|---|---|
r-devel-linux-x86_64-debian-clang | 0.34.3 | 321.20 | 80.47 | 401.67 | OK | |
r-devel-linux-x86_64-debian-gcc | 0.34.3 | 237.61 | 52.31 | 289.92 | OK | |
r-devel-linux-x86_64-fedora-clang | 0.34.3 | 765.37 | OK | |||
r-devel-linux-x86_64-fedora-gcc | 0.34.3 | 826.13 | OK | |||
r-devel-windows-x86_64 | 0.34.3 | 352.00 | 135.00 | 487.00 | OK | |
r-patched-linux-x86_64 | 0.34.3 | 337.52 | 72.82 | 410.34 | OK | |
r-release-linux-x86_64 | 0.34.3 | 319.31 | 73.19 | 392.50 | OK | |
r-release-macos-arm64 | 0.34.3 | 151.00 | NOTE | |||
r-release-macos-x86_64 | 0.34.3 | 209.00 | NOTE | |||
r-release-windows-x86_64 | 0.34.3 | 342.00 | 139.00 | 481.00 | NOTE | |
r-oldrel-macos-arm64 | 0.34.3 | 145.00 | NOTE | |||
r-oldrel-macos-x86_64 | 0.34.3 | 171.00 | NOTE | |||
r-oldrel-windows-x86_64 | 0.34.3 | 399.00 | 161.00 | 560.00 | NOTE |
Version: 0.34.3
Check: installed package size
Result: NOTE
installed size is 25.6Mb
sub-directories of 1Mb or more:
libs 24.7Mb
Flavors: r-release-macos-arm64, r-release-macos-x86_64, r-release-windows-x86_64, r-oldrel-macos-arm64, r-oldrel-macos-x86_64, r-oldrel-windows-x86_64