Last updated on 2023-11-29 18:48:58 CET.
Flavor | Version | Tinstall | Tcheck | Ttotal | Status | Flags |
---|---|---|---|---|---|---|
r-devel-linux-x86_64-debian-clang | 0.9.0 | 36.03 | 160.03 | 196.06 | NOTE | |
r-devel-linux-x86_64-debian-gcc | 0.9.0 | 29.75 | 121.27 | 151.02 | NOTE | |
r-devel-linux-x86_64-fedora-clang | 0.9.0 | 264.72 | OK | |||
r-devel-linux-x86_64-fedora-gcc | 0.9.0 | 249.71 | OK | |||
r-devel-windows-x86_64 | 0.9.0 | 28.00 | 141.00 | 169.00 | OK | |
r-patched-linux-x86_64 | 0.9.0 | 44.27 | 152.64 | 196.91 | OK | |
r-release-linux-x86_64 | 0.9.0 | 23.15 | 152.16 | 175.31 | OK | |
r-release-macos-arm64 | 0.9.0 | 55.00 | OK | |||
r-release-macos-x86_64 | 0.9.0 | 134.00 | OK | |||
r-release-windows-x86_64 | 0.9.0 | 42.00 | 177.00 | 219.00 | OK | |
r-oldrel-macos-arm64 | 0.9.0 | 58.00 | OK | |||
r-oldrel-macos-x86_64 | 0.9.0 | 83.00 | OK | |||
r-oldrel-windows-x86_64 | 0.9.0 | 43.00 | 152.00 | 195.00 | OK |
Version: 0.9.0
Check: Rd files
Result: NOTE
checkRd: (-1) PipelineResult.Rd:195: Lost braces
195 | \item{\code{...}}{passed to code{link{pipeline_read}}}
| ^
checkRd: (-1) PipelineResult.Rd:195: Lost braces
195 | \item{\code{...}}{passed to code{link{pipeline_read}}}
| ^
Flavors: r-devel-linux-x86_64-debian-clang, r-devel-linux-x86_64-debian-gcc