Last updated on 2023-09-22 19:54:41 CEST.
Flavor | Version | Tinstall | Tcheck | Ttotal | Status | Flags |
---|---|---|---|---|---|---|
r-devel-linux-x86_64-debian-clang | 1.2.4 | 82.19 | 195.07 | 277.26 | NOTE | |
r-devel-linux-x86_64-debian-gcc | 1.2.4 | 49.14 | 143.01 | 192.15 | NOTE | |
r-devel-linux-x86_64-fedora-clang | 1.2.4 | 369.04 | NOTE | |||
r-devel-linux-x86_64-fedora-gcc | 1.2.4 | 354.67 | NOTE | |||
r-devel-windows-x86_64 | 1.2.4 | 54.00 | 165.00 | 219.00 | NOTE | |
r-patched-linux-x86_64 | 1.2.4 | 59.09 | 183.90 | 242.99 | NOTE | |
r-release-linux-x86_64 | 1.2.4 | 49.66 | 184.60 | 234.26 | NOTE | |
r-release-macos-arm64 | 1.2.4 | 94.00 | NOTE | |||
r-release-macos-x86_64 | 1.2.4 | 166.00 | NOTE | |||
r-release-windows-x86_64 | 1.2.4 | 72.00 | 206.00 | 278.00 | NOTE | |
r-oldrel-macos-arm64 | 1.2.4 | 88.00 | NOTE | |||
r-oldrel-macos-x86_64 | 1.2.4 | 111.00 | NOTE | |||
r-oldrel-windows-x86_64 | 1.2.4 | 70.00 | 206.00 | 276.00 | OK |
Version: 1.2.4
Check: C++ specification
Result: NOTE
Specified C++11: please drop specification unless essential
Flavors: r-devel-linux-x86_64-debian-clang, r-devel-linux-x86_64-debian-gcc, r-devel-linux-x86_64-fedora-clang, r-devel-linux-x86_64-fedora-gcc, r-devel-windows-x86_64, r-patched-linux-x86_64, r-release-linux-x86_64, r-release-macos-arm64, r-release-macos-x86_64, r-release-windows-x86_64
Version: 1.2.4
Check: installed package size
Result: NOTE
installed size is 6.8Mb
sub-directories of 1Mb or more:
libs 5.1Mb
Flavors: r-release-macos-arm64, r-release-macos-x86_64, r-oldrel-macos-arm64, r-oldrel-macos-x86_64