Last updated on 2024-03-28 07:53:00 CET.
Flavor | Version | Tinstall | Tcheck | Ttotal | Status | Flags |
---|---|---|---|---|---|---|
r-devel-linux-x86_64-debian-clang | 1.2.4 | 75.88 | 185.86 | 261.74 | NOTE | |
r-devel-linux-x86_64-debian-gcc | 1.2.4 | 54.70 | 139.07 | 193.77 | NOTE | |
r-devel-linux-x86_64-fedora-clang | 1.2.4 | 335.05 | NOTE | |||
r-devel-linux-x86_64-fedora-gcc | 1.2.4 | 344.11 | NOTE | |||
r-devel-windows-x86_64 | 1.2.4 | 57.00 | 165.00 | 222.00 | NOTE | |
r-patched-linux-x86_64 | 1.2.4 | 75.11 | 179.73 | 254.84 | NOTE | |
r-release-linux-x86_64 | 1.2.4 | 48.35 | 182.80 | 231.15 | NOTE | |
r-release-macos-arm64 | 1.2.4 | 94.00 | NOTE | |||
r-release-macos-x86_64 | 1.2.4 | 166.00 | NOTE | |||
r-release-windows-x86_64 | 1.2.4 | 73.00 | 203.00 | 276.00 | NOTE | |
r-oldrel-macos-arm64 | 1.2.4 | 88.00 | NOTE | |||
r-oldrel-windows-x86_64 | 1.2.4 | 72.00 | 211.00 | 283.00 | OK |
Version: 1.2.4
Check: C++ specification
Result: NOTE
Specified C++11: please drop specification unless essential
Flavors: r-devel-linux-x86_64-debian-clang, r-devel-linux-x86_64-debian-gcc, r-devel-linux-x86_64-fedora-clang, r-devel-linux-x86_64-fedora-gcc, r-devel-windows-x86_64, r-patched-linux-x86_64, r-release-linux-x86_64, r-release-macos-arm64, r-release-macos-x86_64, r-release-windows-x86_64
Version: 1.2.4
Check: installed package size
Result: NOTE
installed size is 6.8Mb
sub-directories of 1Mb or more:
libs 5.1Mb
Flavors: r-release-macos-arm64, r-release-macos-x86_64, r-oldrel-macos-arm64