Last updated on 2023-12-03 07:52:07 CET.
Flavor | Version | Tinstall | Tcheck | Ttotal | Status | Flags |
---|---|---|---|---|---|---|
r-devel-linux-x86_64-debian-clang | 0.3.1 | 52.30 | 560.16 | 612.46 | NOTE | |
r-devel-linux-x86_64-debian-gcc | 0.3.1 | 40.13 | 414.61 | 454.74 | NOTE | |
r-devel-linux-x86_64-fedora-clang | 0.3.1 | 767.98 | NOTE | |||
r-devel-linux-x86_64-fedora-gcc | 0.3.1 | 752.28 | NOTE | |||
r-devel-windows-x86_64 | 0.3.1 | 41.00 | 375.00 | 416.00 | NOTE | |
r-patched-linux-x86_64 | 0.3.1 | 48.75 | 540.85 | 589.60 | OK | |
r-release-linux-x86_64 | 0.3.1 | 47.30 | 545.68 | 592.98 | OK | |
r-release-macos-arm64 | 0.3.1 | 190.00 | NOTE | |||
r-release-macos-x86_64 | 0.3.1 | 363.00 | NOTE | |||
r-release-windows-x86_64 | 0.3.1 | 56.00 | 472.00 | 528.00 | OK | |
r-oldrel-macos-arm64 | 0.3.1 | 179.00 | NOTE | |||
r-oldrel-macos-x86_64 | 0.3.1 | 244.00 | OK | |||
r-oldrel-windows-x86_64 | 0.3.1 | 57.00 | 471.00 | 528.00 | OK |
Version: 0.3.1
Check: Rd \usage sections
Result: NOTE
Documented arguments not in \usage in Rd file 'mpaRaoS.Rd':
‘rasterm’
Objects in \usage without \alias in Rd file 'paRaoP.Rd':
‘paRaoS’
Functions with \usage entries need to have the appropriate \alias
entries, and all their arguments documented.
The \usage entries must correspond to syntactically valid R code.
See chapter ‘Writing R documentation files’ in the ‘Writing R
Extensions’ manual.
Flavors: r-devel-linux-x86_64-debian-clang, r-devel-linux-x86_64-debian-gcc, r-devel-linux-x86_64-fedora-clang, r-devel-linux-x86_64-fedora-gcc, r-devel-windows-x86_64
Version: 0.3.1
Check: installed package size
Result: NOTE
installed size is 5.2Mb
sub-directories of 1Mb or more:
data 4.1Mb
Flavors: r-release-macos-arm64, r-release-macos-x86_64, r-oldrel-macos-arm64