CRAN Package Check Results for Package rapidoc

Last updated on 2023-12-01 07:50:16 CET.

Flavor Version Tinstall Tcheck Ttotal Status Flags
r-devel-linux-x86_64-debian-clang 9.3.4 1.96 23.01 24.97 OK
r-devel-linux-x86_64-debian-gcc 9.3.4 1.48 17.85 19.33 OK
r-devel-linux-x86_64-fedora-clang 9.3.4 31.63 OK
r-devel-linux-x86_64-fedora-gcc 9.3.4 29.85 OK
r-devel-windows-x86_64 9.3.4 2.00 41.00 43.00 OK
r-patched-linux-x86_64 9.3.4 2.15 22.58 24.73 OK
r-release-linux-x86_64 9.3.4 2.01 22.84 24.85 OK
r-release-macos-arm64 9.3.4 25.00 OK
r-release-macos-x86_64 9.3.4 41.00 OK
r-release-windows-x86_64 9.3.4 3.00 40.00 43.00 OK
r-oldrel-macos-arm64 9.3.4 18.00 OK
r-oldrel-macos-x86_64 8.4.3 19.00 NOTE
r-oldrel-windows-x86_64 9.3.4 3.00 43.00 46.00 OK

Check Details

Version: 8.4.3
Check: dependencies in R code
Result: NOTE Namespace in Imports field not imported from: ‘jsonlite’ All declared Imports should be used. Flavor: r-oldrel-macos-x86_64

Version: 8.4.3
Check: LazyData
Result: NOTE 'LazyData' is specified without a 'data' directory Flavor: r-oldrel-macos-x86_64