Last updated on 2024-03-28 19:48:42 CET.
Flavor | Version | Tinstall | Tcheck | Ttotal | Status | Flags |
---|---|---|---|---|---|---|
r-devel-linux-x86_64-debian-clang | 3.0.2 | 29.62 | 194.40 | 224.02 | NOTE | |
r-devel-linux-x86_64-debian-gcc | 3.0.2 | 30.31 | 143.13 | 173.44 | NOTE | |
r-devel-linux-x86_64-fedora-clang | 3.0.2 | 286.73 | NOTE | |||
r-devel-linux-x86_64-fedora-gcc | 3.0.2 | 292.25 | NOTE | |||
r-devel-windows-x86_64 | 3.0.2 | 29.00 | 166.00 | 195.00 | NOTE | |
r-patched-linux-x86_64 | 3.0.2 | 26.59 | 182.73 | 209.32 | NOTE | |
r-release-linux-x86_64 | 3.0.2 | 22.87 | 186.71 | 209.58 | OK | |
r-release-macos-arm64 | 3.0.2 | 78.00 | OK | |||
r-release-macos-x86_64 | 3.0.2 | 192.00 | OK | |||
r-release-windows-x86_64 | 3.0.2 | 41.00 | 210.00 | 251.00 | OK | |
r-oldrel-macos-arm64 | 3.0.2 | 79.00 | OK | |||
r-oldrel-windows-x86_64 | 3.0.2 | 42.00 | 196.00 | 238.00 | OK |
Version: 3.0.2
Check: Rd files
Result: NOTE
checkRd: (-1) makeDesignMatrix.Rd:16: Lost braces; missing escapes or markup?
16 | is randomized to a certain treatment {j}, the entry of \code{(i,j)} of the
| ^
Flavors: r-devel-linux-x86_64-debian-clang, r-devel-linux-x86_64-debian-gcc, r-devel-linux-x86_64-fedora-clang, r-devel-linux-x86_64-fedora-gcc, r-devel-windows-x86_64, r-patched-linux-x86_64