Last updated on 2023-11-28 07:53:13 CET.
Flavor | Version | Tinstall | Tcheck | Ttotal | Status | Flags |
---|---|---|---|---|---|---|
r-devel-linux-x86_64-debian-clang | 0.2.0 | 5.25 | 76.33 | 81.58 | NOTE | |
r-devel-linux-x86_64-debian-gcc | 0.2.0 | 4.00 | 56.41 | 60.41 | NOTE | |
r-devel-linux-x86_64-fedora-clang | 0.2.0 | 98.30 | NOTE | |||
r-devel-linux-x86_64-fedora-gcc | 0.2.0 | 92.88 | NOTE | |||
r-devel-windows-x86_64 | 0.2.0 | 6.00 | 84.00 | 90.00 | NOTE | |
r-patched-linux-x86_64 | 0.2.0 | 4.45 | 72.32 | 76.77 | NOTE | |
r-release-linux-x86_64 | 0.2.0 | 4.22 | 72.00 | 76.22 | NOTE | |
r-release-macos-arm64 | 0.2.0 | 34.00 | NOTE | |||
r-release-macos-x86_64 | 0.2.0 | 50.00 | NOTE | |||
r-release-windows-x86_64 | 0.2.0 | 7.00 | 96.00 | 103.00 | NOTE | |
r-oldrel-macos-arm64 | 0.2.0 | 27.00 | NOTE | |||
r-oldrel-macos-x86_64 | 0.2.0 | 60.00 | NOTE | |||
r-oldrel-windows-x86_64 | 0.2.0 | 7.00 | 94.00 | 101.00 | NOTE |
Version: 0.2.0
Check: LazyData
Result: NOTE
'LazyData' is specified without a 'data' directory
Flavors: r-devel-linux-x86_64-debian-clang, r-devel-linux-x86_64-debian-gcc, r-devel-linux-x86_64-fedora-clang, r-devel-linux-x86_64-fedora-gcc, r-devel-windows-x86_64, r-patched-linux-x86_64, r-release-linux-x86_64, r-release-macos-arm64, r-release-macos-x86_64, r-release-windows-x86_64, r-oldrel-macos-arm64, r-oldrel-macos-x86_64, r-oldrel-windows-x86_64