CRAN Package Check Results for Package ramlegacy

Last updated on 2024-02-28 07:53:52 CET.

Flavor Version Tinstall Tcheck Ttotal Status Flags
r-devel-linux-x86_64-debian-clang 0.2.0 2.30 33.90 36.20 NOTE
r-devel-linux-x86_64-debian-gcc 0.2.0 2.09 26.59 28.68 NOTE
r-devel-linux-x86_64-fedora-clang 0.2.0 45.99 NOTE
r-devel-linux-x86_64-fedora-gcc 0.2.0 55.28 NOTE
r-devel-windows-x86_64 0.2.0 3.00 49.00 52.00 NOTE
r-patched-linux-x86_64 0.2.0 2.27 33.92 36.19 NOTE
r-release-linux-x86_64 0.2.0 1.60 33.21 34.81 NOTE
r-release-macos-arm64 0.2.0 28.00 NOTE
r-release-macos-x86_64 0.2.0 38.00 NOTE
r-release-windows-x86_64 0.2.0 4.00 51.00 55.00 NOTE
r-oldrel-macos-arm64 0.2.0 22.00 NOTE
r-oldrel-windows-x86_64 0.2.0 5.00 54.00 59.00 NOTE

Check Details

Version: 0.2.0
Check: LazyData
Result: NOTE 'LazyData' is specified without a 'data' directory Flavors: r-devel-linux-x86_64-debian-clang, r-devel-linux-x86_64-debian-gcc, r-devel-linux-x86_64-fedora-clang, r-devel-linux-x86_64-fedora-gcc, r-devel-windows-x86_64, r-patched-linux-x86_64, r-release-linux-x86_64, r-release-macos-arm64, r-release-macos-x86_64, r-release-windows-x86_64, r-oldrel-macos-arm64, r-oldrel-windows-x86_64