Last updated on 2023-06-09 19:56:33 CEST.
Flavor | Version | Tinstall | Tcheck | Ttotal | Status | Flags |
---|---|---|---|---|---|---|
r-devel-linux-x86_64-debian-clang | 0.3.4 | 87.70 | 217.86 | 305.56 | OK | |
r-devel-linux-x86_64-debian-gcc | 0.3.4 | 71.65 | 162.61 | 234.26 | OK | |
r-devel-linux-x86_64-fedora-clang | 0.3.4 | 409.52 | NOTE | |||
r-devel-linux-x86_64-fedora-gcc | 0.3.4 | 432.16 | NOTE | |||
r-devel-windows-x86_64 | 0.3.4 | 69.00 | 187.00 | 256.00 | OK | |
r-patched-linux-x86_64 | 0.3.4 | 84.80 | 200.87 | 285.67 | OK | |
r-release-linux-x86_64 | 0.3.4 | 75.74 | 202.09 | 277.83 | OK | |
r-release-macos-arm64 | 0.3.4 | 106.00 | NOTE | |||
r-release-macos-x86_64 | 0.3.4 | 158.00 | NOTE | |||
r-release-windows-x86_64 | 0.3.4 | 89.00 | 243.00 | 332.00 | OK | |
r-oldrel-macos-arm64 | 0.3.4 | 97.00 | NOTE | |||
r-oldrel-macos-x86_64 | 0.3.4 | 159.00 | NOTE | |||
r-oldrel-windows-x86_64 | 0.3.4 | 84.00 | 242.00 | 326.00 | OK |
Version: 0.3.4
Check: dependencies in R code
Result: NOTE
Namespaces in Imports field not imported from:
‘Biobase’ ‘CGHbase’
All declared Imports should be used.
Flavors: r-devel-linux-x86_64-fedora-clang, r-devel-linux-x86_64-fedora-gcc, r-oldrel-macos-arm64, r-oldrel-macos-x86_64
Version: 0.3.4
Check: Rd cross-references
Result: NOTE
Undeclared packages ‘longitudinal’, ‘gRbase’ in Rd xrefs
Flavor: r-devel-linux-x86_64-fedora-clang
Version: 0.3.4
Check: installed package size
Result: NOTE
installed size is 10.7Mb
sub-directories of 1Mb or more:
libs 10.0Mb
Flavors: r-release-macos-arm64, r-release-macos-x86_64, r-oldrel-macos-arm64, r-oldrel-macos-x86_64