Last updated on 2024-04-23 19:50:55 CEST.
Flavor | Version | Tinstall | Tcheck | Ttotal | Status | Flags |
---|---|---|---|---|---|---|
r-devel-linux-x86_64-debian-clang | 1.6.3 | 18.07 | 150.50 | 168.57 | OK | |
r-devel-linux-x86_64-debian-gcc | 1.6.3 | 12.20 | 107.36 | 119.56 | OK | |
r-devel-linux-x86_64-fedora-clang | 1.6.3 | 209.90 | NOTE | |||
r-devel-linux-x86_64-fedora-gcc | 1.6.3 | 197.18 | OK | |||
r-prerel-macos-arm64 | 1.6.3 | 54.00 | OK | |||
r-prerel-windows-x86_64 | 1.6.3 | 20.00 | 152.00 | 172.00 | OK | |
r-patched-linux-x86_64 | 1.6.3 | 19.70 | 137.67 | 157.37 | OK | |
r-release-linux-x86_64 | 1.6.3 | 18.12 | 138.02 | 156.14 | OK | |
r-release-macos-arm64 | 1.6.3 | 59.00 | OK | |||
r-release-macos-x86_64 | 1.6.3 | 119.00 | OK | |||
r-release-windows-x86_64 | 1.6.3 | 24.00 | 178.00 | 202.00 | OK | |
r-oldrel-macos-arm64 | 1.6.3 | 80.00 | OK | |||
r-oldrel-windows-x86_64 | 1.6.3 | 23.00 | 175.00 | 198.00 | OK |
Version: 1.6.3
Check: package dependencies
Result: NOTE
Imports includes 30 non-default packages.
Importing from so many packages makes the package vulnerable to any of
them becoming unavailable. Move as many as possible to Suggests and
use conditionally.
Flavor: r-devel-linux-x86_64-fedora-clang