Last updated on 2023-10-04 08:01:47 CEST.
Flavor | Version | Tinstall | Tcheck | Ttotal | Status | Flags |
---|---|---|---|---|---|---|
r-devel-linux-x86_64-debian-clang | 0.2.5 | 51.19 | 600.13 | 651.32 | OK | |
r-devel-linux-x86_64-debian-gcc | 0.2.5 | 41.09 | 455.90 | 496.99 | OK | |
r-devel-linux-x86_64-fedora-clang | 0.2.5 | 802.39 | NOTE | |||
r-devel-linux-x86_64-fedora-gcc | 0.2.5 | 795.27 | OK | |||
r-devel-windows-x86_64 | 0.2.5 | 44.00 | 430.00 | 474.00 | OK | |
r-patched-linux-x86_64 | 0.2.5 | 36.97 | 571.39 | 608.36 | OK | |
r-release-linux-x86_64 | 0.2.5 | 35.05 | 585.24 | 620.29 | OK | |
r-release-macos-arm64 | 0.2.5 | 233.00 | OK | |||
r-release-macos-x86_64 | 0.2.5 | 343.00 | OK | |||
r-release-windows-x86_64 | 0.2.5 | 56.00 | 521.00 | 577.00 | OK | |
r-oldrel-macos-arm64 | 0.2.5 | 168.00 | OK | |||
r-oldrel-macos-x86_64 | 0.2.5 | 277.00 | OK | |||
r-oldrel-windows-x86_64 | 0.2.5 | 58.00 | 502.00 | 560.00 | OK |
Version: 0.2.5
Check: package dependencies
Result: NOTE
Imports includes 21 non-default packages.
Importing from so many packages makes the package vulnerable to any of
them becoming unavailable. Move as many as possible to Suggests and
use conditionally.
Flavor: r-devel-linux-x86_64-fedora-clang