CRAN Package Check Results for Package rTorch

Last updated on 2023-11-28 07:53:16 CET.

Flavor Version Tinstall Tcheck Ttotal Status Flags
r-devel-linux-x86_64-debian-clang 0.4.2 8.66 95.42 104.08 NOTE
r-devel-linux-x86_64-debian-gcc 0.4.2 7.48 71.80 79.28 NOTE
r-devel-linux-x86_64-fedora-clang 0.4.2 130.27 NOTE
r-devel-linux-x86_64-fedora-gcc 0.4.2 134.84 NOTE
r-devel-windows-x86_64 0.4.2 10.00 154.00 164.00 NOTE
r-patched-linux-x86_64 0.4.2 10.43 91.88 102.31 NOTE
r-release-linux-x86_64 0.4.2 8.51 91.56 100.07 NOTE
r-release-macos-arm64 0.4.2 47.00 NOTE
r-release-macos-x86_64 0.4.2 74.00 NOTE
r-release-windows-x86_64 0.4.2 12.00 137.00 149.00 NOTE
r-oldrel-macos-arm64 0.4.2 34.00 NOTE
r-oldrel-macos-x86_64 0.4.2 50.00 NOTE
r-oldrel-windows-x86_64 0.4.2 12.00 130.00 142.00 NOTE

Check Details

Version: 0.4.2
Check: Rd files
Result: NOTE checkRd: (-1) grapes-.-times-grapes.Rd:6-9: Lost braces 6 | "round.torch.Tensor" <- function(input) { | ^ Flavors: r-devel-linux-x86_64-debian-clang, r-devel-linux-x86_64-debian-gcc

Version: 0.4.2
Check: LazyData
Result: NOTE 'LazyData' is specified without a 'data' directory Flavors: r-devel-linux-x86_64-debian-clang, r-devel-linux-x86_64-debian-gcc, r-devel-linux-x86_64-fedora-clang, r-devel-linux-x86_64-fedora-gcc, r-devel-windows-x86_64, r-patched-linux-x86_64, r-release-linux-x86_64, r-release-macos-arm64, r-release-macos-x86_64, r-release-windows-x86_64, r-oldrel-macos-arm64, r-oldrel-macos-x86_64, r-oldrel-windows-x86_64

Version: 0.4.2
Check: dependencies in R code
Result: NOTE Namespace in Imports field not imported from: ‘methods’ All declared Imports should be used. Flavors: r-devel-linux-x86_64-fedora-clang, r-devel-linux-x86_64-fedora-gcc, r-oldrel-macos-arm64, r-oldrel-macos-x86_64