Last updated on 2024-03-28 07:53:02 CET.
Flavor | Version | Tinstall | Tcheck | Ttotal | Status | Flags |
---|---|---|---|---|---|---|
r-devel-linux-x86_64-debian-clang | 4.23.1-2 | 156.18 | 224.32 | 380.50 | NOTE | |
r-devel-linux-x86_64-debian-gcc | 4.23.1-2 | 131.93 | 151.32 | 283.25 | NOTE | |
r-devel-linux-x86_64-fedora-clang | 4.23.1-2 | 500.74 | NOTE | |||
r-devel-linux-x86_64-fedora-gcc | 4.23.1-2 | 511.38 | NOTE | |||
r-devel-windows-x86_64 | 4.23.1-2 | 122.00 | 203.00 | 325.00 | NOTE | |
r-patched-linux-x86_64 | 4.23.1-2 | 158.32 | 205.38 | 363.70 | NOTE | |
r-release-linux-x86_64 | 4.23.1-2 | 161.65 | 207.63 | 369.28 | NOTE | |
r-release-macos-arm64 | 4.23.1-2 | 122.00 | NOTE | |||
r-release-macos-x86_64 | 4.23.1-2 | 237.00 | NOTE | |||
r-release-windows-x86_64 | 4.23.1-2 | 120.00 | 252.00 | 372.00 | NOTE | |
r-oldrel-macos-arm64 | 4.23.1-2 | 99.00 | NOTE | |||
r-oldrel-windows-x86_64 | 4.23.1-2 | 166.00 | 250.00 | 416.00 | NOTE |
Version: 4.23.1-2
Check: C++ specification
Result: NOTE
Specified C++11: please drop specification unless essential
Flavors: r-devel-linux-x86_64-debian-clang, r-devel-linux-x86_64-debian-gcc, r-devel-linux-x86_64-fedora-clang, r-devel-linux-x86_64-fedora-gcc, r-devel-windows-x86_64, r-patched-linux-x86_64, r-release-linux-x86_64, r-release-macos-arm64, r-release-macos-x86_64, r-release-windows-x86_64
Version: 4.23.1-2
Check: for GNU extensions in Makefiles
Result: NOTE
GNU make is a SystemRequirements.
Flavors: r-devel-linux-x86_64-debian-clang, r-devel-linux-x86_64-debian-gcc, r-devel-linux-x86_64-fedora-clang, r-devel-linux-x86_64-fedora-gcc, r-devel-windows-x86_64, r-patched-linux-x86_64, r-release-linux-x86_64, r-release-macos-arm64, r-release-macos-x86_64, r-release-windows-x86_64, r-oldrel-macos-arm64, r-oldrel-windows-x86_64
Version: 4.23.1-2
Check: installed package size
Result: NOTE
installed size is 11.5Mb
sub-directories of 1Mb or more:
doc 7.9Mb
libs 2.8Mb
Flavors: r-devel-linux-x86_64-fedora-clang, r-devel-windows-x86_64, r-release-macos-arm64, r-release-macos-x86_64, r-release-windows-x86_64, r-oldrel-macos-arm64, r-oldrel-windows-x86_64