Last updated on 2024-03-28 07:53:02 CET.
Flavor | Version | Tinstall | Tcheck | Ttotal | Status | Flags |
---|---|---|---|---|---|---|
r-devel-linux-x86_64-debian-clang | 1.0.0.10 | 110.42 | 53.17 | 163.59 | NOTE | |
r-devel-linux-x86_64-debian-gcc | 1.0.0.10 | 82.17 | 41.28 | 123.45 | NOTE | |
r-devel-linux-x86_64-fedora-clang | 1.0.0.10 | 236.86 | NOTE | |||
r-devel-linux-x86_64-fedora-gcc | 1.0.0.10 | 231.78 | NOTE | |||
r-devel-windows-x86_64 | 1.0.0.10 | 85.00 | 86.00 | 171.00 | NOTE | |
r-patched-linux-x86_64 | 1.0.0.10 | 106.17 | 51.99 | 158.16 | NOTE | |
r-release-linux-x86_64 | 1.0.0.10 | 113.26 | 52.40 | 165.66 | NOTE | |
r-release-macos-arm64 | 1.0.0.10 | 57.00 | NOTE | |||
r-release-macos-x86_64 | 1.0.0.10 | 80.00 | NOTE | |||
r-release-windows-x86_64 | 1.0.0.10 | 100.00 | 98.00 | 198.00 | NOTE | |
r-oldrel-macos-arm64 | 1.0.0.10 | 50.00 | OK | |||
r-oldrel-windows-x86_64 | 1.0.0.10 | 102.00 | 96.00 | 198.00 | OK |
Version: 1.0.0.10
Check: C++ specification
Result: NOTE
Specified C++11: please drop specification unless essential
Flavors: r-devel-linux-x86_64-debian-clang, r-devel-linux-x86_64-debian-gcc, r-devel-linux-x86_64-fedora-clang, r-devel-linux-x86_64-fedora-gcc, r-devel-windows-x86_64, r-patched-linux-x86_64, r-release-linux-x86_64, r-release-macos-arm64, r-release-macos-x86_64, r-release-windows-x86_64