Last updated on 2024-04-18 20:56:02 CEST.
Flavor | Version | Tinstall | Tcheck | Ttotal | Status | Flags |
---|---|---|---|---|---|---|
r-devel-linux-x86_64-debian-clang | 2.3.3 | 28.17 | 193.51 | 221.68 | NOTE | |
r-devel-linux-x86_64-debian-gcc | 2.3.3 | 19.58 | 136.89 | 156.47 | NOTE | |
r-devel-linux-x86_64-fedora-clang | 2.3.3 | 270.23 | OK | |||
r-devel-linux-x86_64-fedora-gcc | 2.3.3 | 260.58 | OK | |||
r-prerel-macos-arm64 | 2.3.3 | 69.00 | NOTE | |||
r-prerel-windows-x86_64 | 2.3.3 | 23.00 | 151.00 | 174.00 | OK | |
r-patched-linux-x86_64 | 2.3.3 | 28.43 | 178.29 | 206.72 | NOTE | |
r-release-linux-x86_64 | 2.3.3 | 17.11 | 184.41 | 201.52 | NOTE | |
r-release-macos-arm64 | 2.3.3 | 72.00 | NOTE | |||
r-release-macos-x86_64 | 2.3.3 | 149.00 | NOTE | |||
r-release-windows-x86_64 | 2.3.3 | 28.00 | 181.00 | 209.00 | NOTE | |
r-oldrel-macos-arm64 | 2.3.3 | 72.00 | NOTE | |||
r-oldrel-windows-x86_64 | 2.3.3 | 29.00 | 175.00 | 204.00 | NOTE |
Version: 2.3.3
Check: package dependencies
Result: NOTE
Package suggested but not available for checking: ‘INLA’
Flavors: r-devel-linux-x86_64-debian-clang, r-devel-linux-x86_64-debian-gcc, r-prerel-macos-arm64, r-patched-linux-x86_64, r-release-linux-x86_64, r-release-macos-arm64, r-release-macos-x86_64, r-release-windows-x86_64, r-oldrel-macos-arm64, r-oldrel-windows-x86_64