CRAN Package Check Results for Package rPraat

Last updated on 2023-11-28 07:53:15 CET.

Flavor Version Tinstall Tcheck Ttotal Status Flags
r-devel-linux-x86_64-debian-clang 1.3.2-1 22.99 112.16 135.15 NOTE
r-devel-linux-x86_64-debian-gcc 1.3.2-1 14.36 82.54 96.90 NOTE
r-devel-linux-x86_64-fedora-clang 1.3.2-1 167.22 NOTE
r-devel-linux-x86_64-fedora-gcc 1.3.2-1 162.05 NOTE
r-devel-windows-x86_64 1.3.2-1 18.00 125.00 143.00 NOTE
r-patched-linux-x86_64 1.3.2-1 13.76 105.64 119.40 NOTE
r-release-linux-x86_64 1.3.2-1 12.41 104.79 117.20 NOTE
r-release-macos-arm64 1.3.2-1 46.00 NOTE
r-release-macos-x86_64 1.3.2-1 80.00 NOTE
r-release-windows-x86_64 1.3.2-1 22.00 147.00 169.00 NOTE
r-oldrel-macos-arm64 1.3.2-1 47.00 NOTE
r-oldrel-macos-x86_64 1.3.2-1 78.00 NOTE
r-oldrel-windows-x86_64 1.3.2-1 22.00 131.00 153.00 NOTE

Check Details

Version: 1.3.2-1
Check: Rd files
Result: NOTE checkRd: (-1) as.tg.Rd:18: Lost braces; missing escapes or markup? 18 | Renames the \code{class(tg)["name"]} attribute and sets {class(tg)["type"] <- "TextGrid"} (if it is not already set) | ^ Flavors: r-devel-linux-x86_64-debian-clang, r-devel-linux-x86_64-debian-gcc

Version: 1.3.2-1
Check: LazyData
Result: NOTE 'LazyData' is specified without a 'data' directory Flavors: r-devel-linux-x86_64-debian-clang, r-devel-linux-x86_64-debian-gcc, r-devel-linux-x86_64-fedora-clang, r-devel-linux-x86_64-fedora-gcc, r-devel-windows-x86_64, r-patched-linux-x86_64, r-release-linux-x86_64, r-release-macos-arm64, r-release-macos-x86_64, r-release-windows-x86_64, r-oldrel-macos-arm64, r-oldrel-macos-x86_64, r-oldrel-windows-x86_64