Last updated on 2024-03-28 07:53:02 CET.
Flavor | Version | Tinstall | Tcheck | Ttotal | Status | Flags |
---|---|---|---|---|---|---|
r-devel-linux-x86_64-debian-clang | 0.2.2 | 7.11 | 60.29 | 67.40 | NOTE | |
r-devel-linux-x86_64-debian-gcc | 0.2.2 | 4.55 | 46.16 | 50.71 | NOTE | |
r-devel-linux-x86_64-fedora-clang | 0.2.2 | 86.24 | NOTE | |||
r-devel-linux-x86_64-fedora-gcc | 0.2.2 | 93.34 | NOTE | |||
r-devel-windows-x86_64 | 0.2.2 | 7.00 | 65.00 | 72.00 | NOTE | |
r-patched-linux-x86_64 | 0.2.2 | 5.88 | 57.22 | 63.10 | NOTE | |
r-release-linux-x86_64 | 0.2.2 | 4.51 | 57.33 | 61.84 | NOTE | |
r-release-macos-arm64 | 0.2.2 | 33.00 | NOTE | |||
r-release-macos-x86_64 | 0.2.2 | 52.00 | NOTE | |||
r-release-windows-x86_64 | 0.2.2 | 9.00 | 71.00 | 80.00 | NOTE | |
r-oldrel-macos-arm64 | 0.2.2 | 31.00 | NOTE | |||
r-oldrel-windows-x86_64 | 0.2.2 | 10.00 | 79.00 | 89.00 | NOTE |
Version: 0.2.2
Check: LazyData
Result: NOTE
'LazyData' is specified without a 'data' directory
Flavors: r-devel-linux-x86_64-debian-clang, r-devel-linux-x86_64-debian-gcc, r-devel-linux-x86_64-fedora-clang, r-devel-linux-x86_64-fedora-gcc, r-devel-windows-x86_64, r-patched-linux-x86_64, r-release-linux-x86_64, r-release-macos-arm64, r-release-macos-x86_64, r-release-windows-x86_64, r-oldrel-macos-arm64, r-oldrel-windows-x86_64