Last updated on 2023-12-05 18:49:36 CET.
Flavor | Version | Tinstall | Tcheck | Ttotal | Status | Flags |
---|---|---|---|---|---|---|
r-devel-linux-x86_64-debian-clang | 2.5.1 | 4.50 | 43.17 | 47.67 | NOTE | |
r-devel-linux-x86_64-debian-gcc | 2.5.1 | 4.31 | 33.23 | 37.54 | NOTE | |
r-devel-linux-x86_64-fedora-clang | 2.5.1 | 59.91 | NOTE | |||
r-devel-linux-x86_64-fedora-gcc | 2.5.1 | 57.93 | NOTE | |||
r-devel-windows-x86_64 | 2.5.1 | 7.00 | 58.00 | 65.00 | NOTE | |
r-patched-linux-x86_64 | 2.5.1 | 5.79 | 41.87 | 47.66 | OK | |
r-release-linux-x86_64 | 2.5.1 | 4.18 | 41.65 | 45.83 | OK | |
r-release-macos-arm64 | 2.5.1 | 24.00 | OK | |||
r-release-macos-x86_64 | 2.5.1 | 30.00 | OK | |||
r-release-windows-x86_64 | 2.5.1 | 8.00 | 63.00 | 71.00 | OK | |
r-oldrel-macos-arm64 | 2.5.1 | 19.00 | OK | |||
r-oldrel-macos-x86_64 | 2.5.1 | 28.00 | OK | |||
r-oldrel-windows-x86_64 | 2.5.1 | 8.00 | 64.00 | 72.00 | OK |
Version: 2.5.1
Check: Rd files
Result: NOTE
checkRd: (-1) PlotWindProfile.Rd:69: Lost braces in \itemize; meant \describe ?
checkRd: (-1) PlotWindProfile.Rd:70: Lost braces in \itemize; meant \describe ?
checkRd: (-1) PlotWindProfile.Rd:71: Lost braces in \itemize; meant \describe ?
checkRd: (-1) PlotWindProfile.Rd:72: Lost braces in \itemize; meant \describe ?
checkRd: (-1) PlotWindProfile.Rd:73: Lost braces in \itemize; meant \describe ?
checkRd: (-1) PlotWindProfile.Rd:74: Lost braces in \itemize; meant \describe ?
checkRd: (-1) PlotWindProfile.Rd:75: Lost braces in \itemize; meant \describe ?
checkRd: (-1) PlotWindProfile.Rd:76: Lost braces in \itemize; meant \describe ?
checkRd: (-1) PlotWindProfile.Rd:77: Lost braces in \itemize; meant \describe ?
checkRd: (-1) PlotWindProfile.Rd:78: Lost braces in \itemize; meant \describe ?
checkRd: (-1) PlotWindProfile.Rd:79: Lost braces in \itemize; meant \describe ?
checkRd: (-1) PlotWindProfile.Rd:80: Lost braces in \itemize; meant \describe ?
checkRd: (-1) PlotWindProfile.Rd:81: Lost braces in \itemize; meant \describe ?
checkRd: (-1) PlotWindProfile.Rd:82: Lost braces in \itemize; meant \describe ?
checkRd: (-1) PlotWindProfile.Rd:83: Lost braces in \itemize; meant \describe ?
Flavors: r-devel-linux-x86_64-debian-clang, r-devel-linux-x86_64-debian-gcc
Version: 2.5.1
Check: Rd \usage sections
Result: NOTE
Documented arguments not in \usage in Rd file 'SanitizeURL.Rd':
‘bad.str’
Functions with \usage entries need to have the appropriate \alias
entries, and all their arguments documented.
The \usage entries must correspond to syntactically valid R code.
See chapter ‘Writing R documentation files’ in the ‘Writing R
Extensions’ manual.
Flavors: r-devel-linux-x86_64-debian-clang, r-devel-linux-x86_64-debian-gcc, r-devel-linux-x86_64-fedora-clang, r-devel-linux-x86_64-fedora-gcc, r-devel-windows-x86_64