Last updated on 2023-06-08 08:55:32 CEST.
Flavor | Version | Tinstall | Tcheck | Ttotal | Status | Flags |
---|---|---|---|---|---|---|
r-devel-linux-x86_64-debian-clang | 1.0.6 | 129.76 | 76.68 | 206.44 | NOTE | |
r-devel-linux-x86_64-debian-gcc | 1.0.6 | 104.00 | 58.46 | 162.46 | NOTE | |
r-devel-linux-x86_64-fedora-clang | 1.0.6 | 282.14 | NOTE | |||
r-devel-linux-x86_64-fedora-gcc | 1.0.6 | 285.27 | NOTE | |||
r-devel-windows-x86_64 | 1.0.6 | 102.00 | 99.00 | 201.00 | NOTE | |
r-patched-linux-x86_64 | 1.0.6 | 114.47 | 73.73 | 188.20 | NOTE | |
r-release-linux-x86_64 | 1.0.6 | 103.91 | 74.87 | 178.78 | NOTE | |
r-release-macos-arm64 | 1.0.6 | 81.00 | NOTE | |||
r-release-macos-x86_64 | 1.0.6 | 122.00 | NOTE | |||
r-release-windows-x86_64 | 1.0.6 | 126.00 | 121.00 | 247.00 | NOTE | |
r-oldrel-macos-arm64 | 1.0.6 | 57.00 | NOTE | |||
r-oldrel-macos-x86_64 | 1.0.6 | 82.00 | NOTE | |||
r-oldrel-windows-x86_64 | 1.0.6 | 119.00 | 111.00 | 230.00 | OK |
Version: 1.0.6
Check: C++ specification
Result: NOTE
Specified C++11: please drop specification unless essential
Flavors: r-devel-linux-x86_64-debian-clang, r-devel-linux-x86_64-debian-gcc, r-devel-linux-x86_64-fedora-clang, r-devel-linux-x86_64-fedora-gcc, r-devel-windows-x86_64, r-patched-linux-x86_64, r-release-linux-x86_64, r-release-macos-arm64, r-release-macos-x86_64, r-release-windows-x86_64
Version: 1.0.6
Check: dependencies in R code
Result: NOTE
Namespace in Imports field not imported from: ‘Rcpp’
All declared Imports should be used.
Flavors: r-devel-linux-x86_64-fedora-clang, r-devel-linux-x86_64-fedora-gcc, r-oldrel-macos-arm64, r-oldrel-macos-x86_64
Version: 1.0.6
Check: installed package size
Result: NOTE
installed size is 20.4Mb
sub-directories of 1Mb or more:
libs 19.2Mb
Flavors: r-release-macos-arm64, r-release-macos-x86_64, r-oldrel-macos-arm64, r-oldrel-macos-x86_64