Last updated on 2023-09-24 08:58:28 CEST.
Flavor | Version | Tinstall | Tcheck | Ttotal | Status | Flags |
---|---|---|---|---|---|---|
r-devel-linux-x86_64-debian-clang | 1.3 | 21.37 | 278.00 | 299.37 | OK | |
r-devel-linux-x86_64-debian-gcc | 1.3 | 18.00 | 207.54 | 225.54 | OK | |
r-devel-linux-x86_64-fedora-clang | 1.3 | 355.17 | NOTE | |||
r-devel-linux-x86_64-fedora-gcc | 1.3 | 390.41 | OK | |||
r-devel-windows-x86_64 | 1.3 | 41.00 | 209.00 | 250.00 | NOTE | |
r-patched-linux-x86_64 | 1.3 | 17.04 | 264.70 | 281.74 | OK | |
r-release-linux-x86_64 | 1.3 | 16.36 | 266.30 | 282.66 | OK | |
r-release-macos-arm64 | 1.3 | 86.00 | NOTE | |||
r-release-macos-x86_64 | 1.3 | 147.00 | NOTE | |||
r-release-windows-x86_64 | 1.3 | 51.00 | 263.00 | 314.00 | NOTE | |
r-oldrel-macos-arm64 | 1.3 | 85.00 | NOTE | |||
r-oldrel-macos-x86_64 | 1.3 | 165.00 | NOTE | |||
r-oldrel-windows-x86_64 | 1.3 | 50.00 | 261.00 | 311.00 | NOTE |
Version: 1.3
Check: installed package size
Result: NOTE
installed size is 24.8Mb
sub-directories of 1Mb or more:
extdata 24.0Mb
Flavors: r-devel-linux-x86_64-fedora-clang, r-devel-windows-x86_64, r-release-macos-arm64, r-release-macos-x86_64, r-release-windows-x86_64, r-oldrel-macos-arm64, r-oldrel-macos-x86_64, r-oldrel-windows-x86_64