Last updated on 2023-09-20 19:54:52 CEST.
Flavor | Version | Tinstall | Tcheck | Ttotal | Status | Flags |
---|---|---|---|---|---|---|
r-devel-linux-x86_64-debian-clang | 0.54.1 | 10.42 | 80.69 | 91.11 | NOTE | |
r-devel-linux-x86_64-debian-gcc | 0.54.1 | 9.63 | 59.20 | 68.83 | NOTE | |
r-devel-linux-x86_64-fedora-clang | 0.54.1 | 123.35 | NOTE | |||
r-devel-linux-x86_64-fedora-gcc | 0.54.1 | 115.31 | NOTE | |||
r-devel-windows-x86_64 | 0.54.1 | 13.00 | 87.00 | 100.00 | NOTE | |
r-patched-linux-x86_64 | 0.54.1 | 13.06 | 76.60 | 89.66 | NOTE | |
r-release-linux-x86_64 | 0.54.1 | 9.45 | 75.31 | 84.76 | NOTE | |
r-release-macos-arm64 | 0.54.1 | 8.00 | ERROR | |||
r-release-macos-x86_64 | 0.54.1 | 8.00 | ERROR | |||
r-release-windows-x86_64 | 0.54.1 | 15.00 | 98.00 | 113.00 | NOTE | |
r-oldrel-macos-arm64 | 0.54.1 | 35.00 | OK | |||
r-oldrel-macos-x86_64 | 0.54.1 | 64.00 | OK | |||
r-oldrel-windows-x86_64 | 0.54.1 | 15.00 | 134.00 | 149.00 | OK |
Version: 0.54.1
Check: package subdirectories
Result: NOTE
Problems with news in ‘NEWS.md’:
No news entries found.
Flavors: r-devel-linux-x86_64-debian-clang, r-devel-linux-x86_64-debian-gcc, r-devel-linux-x86_64-fedora-clang, r-devel-linux-x86_64-fedora-gcc, r-devel-windows-x86_64, r-patched-linux-x86_64, r-release-linux-x86_64, r-release-windows-x86_64
Version: 0.54.1
Check: package dependencies
Result: ERROR
Package required but not available: ‘rhdf5’
See section ‘The DESCRIPTION file’ in the ‘Writing R Extensions’
manual.
Flavors: r-release-macos-arm64, r-release-macos-x86_64