Last updated on 2023-09-28 19:59:51 CEST.
Flavor | Version | Tinstall | Tcheck | Ttotal | Status | Flags |
---|---|---|---|---|---|---|
r-devel-linux-x86_64-debian-clang | 1.2-8 | 5.81 | 64.44 | 70.25 | OK | |
r-devel-linux-x86_64-debian-gcc | 1.2-8 | 5.09 | 47.96 | 53.05 | OK | |
r-devel-linux-x86_64-fedora-clang | 1.2-8 | 85.40 | NOTE | |||
r-devel-linux-x86_64-fedora-gcc | 1.2-8 | 84.17 | OK | |||
r-devel-windows-x86_64 | 1.2-8 | 16.00 | 73.00 | 89.00 | OK | |
r-patched-linux-x86_64 | 1.2-8 | 6.98 | 61.42 | 68.40 | OK | |
r-release-linux-x86_64 | 1.2-8 | 6.09 | 62.21 | 68.30 | OK | |
r-release-macos-arm64 | 1.2-8 | 29.00 | OK | |||
r-release-macos-x86_64 | 1.2-8 | 69.00 | OK | |||
r-release-windows-x86_64 | 1.2-8 | 21.00 | 81.00 | 102.00 | OK | |
r-oldrel-macos-arm64 | 1.2-8 | 31.00 | OK | |||
r-oldrel-macos-x86_64 | 1.2-8 | 48.00 | OK | |||
r-oldrel-windows-x86_64 | 1.2-8 | 9.00 | 83.00 | 92.00 | OK |
Version: 1.2-8
Check: Rd cross-references
Result: NOTE
Undeclared package ‘Rglpk’ in Rd xrefs
Flavor: r-devel-linux-x86_64-fedora-clang