Last updated on 2023-05-29 20:00:32 CEST.
Flavor | Version | Tinstall | Tcheck | Ttotal | Status | Flags |
---|---|---|---|---|---|---|
r-devel-linux-x86_64-debian-clang | 0.1.1 | 28.92 | 28.18 | 57.10 | NOTE | |
r-devel-linux-x86_64-debian-gcc | 0.1.1 | 23.98 | 22.79 | 46.77 | NOTE | |
r-devel-linux-x86_64-fedora-clang | 0.1.1 | 83.14 | NOTE | |||
r-devel-linux-x86_64-fedora-gcc | 0.1.1 | 83.88 | NOTE | |||
r-devel-windows-x86_64 | 0.1.1 | 26.00 | 67.00 | 93.00 | NOTE | |
r-patched-linux-x86_64 | 0.1.1 | 23.83 | 28.33 | 52.16 | NOTE | |
r-release-linux-x86_64 | 0.1.1 | 23.03 | 27.75 | 50.78 | NOTE | |
r-release-macos-arm64 | 0.1.1 | 30.00 | NOTE | |||
r-release-macos-x86_64 | 0.1.1 | 44.00 | NOTE | |||
r-release-windows-x86_64 | 0.1.1 | 34.00 | 72.00 | 106.00 | NOTE | |
r-oldrel-macos-arm64 | 0.1.1 | 26.00 | NOTE | |||
r-oldrel-macos-x86_64 | 0.1.1 | 34.00 | NOTE | |||
r-oldrel-windows-x86_64 | 0.1.1 | 30.00 | 73.00 | 103.00 | NOTE |
Version: 0.1.1
Check: LazyData
Result: NOTE
'LazyData' is specified without a 'data' directory
Flavors: r-devel-linux-x86_64-debian-clang, r-devel-linux-x86_64-debian-gcc, r-devel-linux-x86_64-fedora-clang, r-devel-linux-x86_64-fedora-gcc, r-devel-windows-x86_64, r-patched-linux-x86_64, r-release-linux-x86_64, r-release-macos-arm64, r-release-macos-x86_64, r-release-windows-x86_64, r-oldrel-macos-arm64, r-oldrel-macos-x86_64, r-oldrel-windows-x86_64