CRAN Package Check Results for Package rBayesianOptimization

Last updated on 2023-09-30 08:00:39 CEST.

Flavor Version Tinstall Tcheck Ttotal Status Flags
r-devel-linux-x86_64-debian-clang 1.2.0 2.88 30.81 33.69 NOTE
r-devel-linux-x86_64-debian-gcc 1.2.0 2.24 23.12 25.36 NOTE
r-devel-linux-x86_64-fedora-clang 1.2.0 41.43 NOTE
r-devel-linux-x86_64-fedora-gcc 1.2.0 38.81 NOTE
r-devel-windows-x86_64 1.2.0 4.00 45.00 49.00 NOTE
r-patched-linux-x86_64 1.2.0 4.98 29.42 34.40 OK
r-release-linux-x86_64 1.2.0 3.00 29.23 32.23 OK
r-release-macos-arm64 1.2.0 19.00 OK
r-release-macos-x86_64 1.2.0 26.00 OK
r-release-windows-x86_64 1.2.0 5.00 47.00 52.00 OK
r-oldrel-macos-arm64 1.2.0 22.00 OK
r-oldrel-macos-x86_64 1.2.0 24.00 OK
r-oldrel-windows-x86_64 1.2.0 5.00 56.00 61.00 OK

Check Details

Version: 1.2.0
Check: Rd \usage sections
Result: NOTE
    Documented arguments not in \usage in documentation object 'Min_Max_Inverse_Scale_Vec':
     ‘mat’
    
    Functions with \usage entries need to have the appropriate \alias
    entries, and all their arguments documented.
    The \usage entries must correspond to syntactically valid R code.
    See chapter ‘Writing R documentation files’ in the ‘Writing R
    Extensions’ manual.
Flavors: r-devel-linux-x86_64-debian-clang, r-devel-linux-x86_64-debian-gcc, r-devel-linux-x86_64-fedora-clang, r-devel-linux-x86_64-fedora-gcc, r-devel-windows-x86_64