Last updated on 2024-04-19 07:56:52 CEST.
Flavor | Version | Tinstall | Tcheck | Ttotal | Status | Flags |
---|---|---|---|---|---|---|
r-devel-linux-x86_64-debian-clang | 1.6.0 | 13.72 | 84.65 | 98.37 | OK | |
r-devel-linux-x86_64-debian-gcc | 1.6.0 | OK | ||||
r-devel-linux-x86_64-fedora-clang | 1.6.0 | 113.92 | NOTE | |||
r-devel-linux-x86_64-fedora-gcc | 1.6.0 | 107.20 | OK | |||
r-prerel-macos-arm64 | 1.6.0 | 35.00 | NOTE | |||
r-prerel-windows-x86_64 | 1.6.0 | 15.00 | 82.00 | 97.00 | NOTE | |
r-patched-linux-x86_64 | 1.6.0 | 13.05 | 79.28 | 92.33 | OK | |
r-release-linux-x86_64 | 1.6.0 | 12.14 | 78.47 | 90.61 | OK | |
r-release-macos-arm64 | 1.6.0 | 35.00 | NOTE | |||
r-release-macos-x86_64 | 1.6.0 | 53.00 | NOTE | |||
r-release-windows-x86_64 | 1.6.0 | 16.00 | 95.00 | 111.00 | NOTE | |
r-oldrel-macos-arm64 | 1.6.0 | 34.00 | NOTE | |||
r-oldrel-windows-x86_64 | 1.6.0 | 17.00 | 91.00 | 108.00 | NOTE |
Version: 1.6.0
Check: installed package size
Result: NOTE
installed size is 11.5Mb
sub-directories of 1Mb or more:
htmlwidgets 10.0Mb
super-tiny-icons 1.0Mb
Flavors: r-devel-linux-x86_64-fedora-clang, r-prerel-macos-arm64, r-prerel-windows-x86_64, r-release-macos-arm64, r-release-macos-x86_64, r-release-windows-x86_64, r-oldrel-macos-arm64, r-oldrel-windows-x86_64