Last updated on 2023-12-09 18:54:28 CET.
Flavor | Version | Tinstall | Tcheck | Ttotal | Status | Flags |
---|---|---|---|---|---|---|
r-devel-linux-x86_64-debian-clang | 2.1.15 | 17.34 | 219.80 | 237.14 | NOTE | |
r-devel-linux-x86_64-debian-gcc | 2.1.15 | 15.15 | 126.34 | 141.49 | NOTE | |
r-devel-linux-x86_64-fedora-clang | 2.1.15 | 245.30 | NOTE | |||
r-devel-linux-x86_64-fedora-gcc | 2.1.15 | 211.38 | OK | |||
r-devel-windows-x86_64 | 2.1.15 | 19.00 | 141.00 | 160.00 | NOTE | |
r-patched-linux-x86_64 | 2.1.15 | 19.82 | 160.36 | 180.18 | OK | |
r-release-linux-x86_64 | 2.1.15 | 16.74 | 176.75 | 193.49 | OK | |
r-release-macos-arm64 | 2.1.15 | 76.00 | NOTE | |||
r-release-macos-x86_64 | 2.1.15 | 116.00 | NOTE | |||
r-release-windows-x86_64 | 2.1.15 | 27.00 | 202.00 | 229.00 | NOTE | |
r-oldrel-macos-arm64 | 2.1.15 | 56.00 | NOTE | |||
r-oldrel-macos-x86_64 | 2.1.15 | 74.00 | NOTE | |||
r-oldrel-windows-x86_64 | 2.1.15 | 26.00 | 155.00 | 181.00 | NOTE |
Version: 2.1.15
Check: Rd files
Result: NOTE
checkRd: (-1) DataSet-class.Rd:25: Lost braces; missing escapes or markup?
25 | Example: {fromField:"val1", toField:"value"}.}
| ^
checkRd: (-1) amTimeSeries.Rd:119: Lost braces in \itemize; meant \describe ?
checkRd: (-1) amTimeSeries.Rd:120: Lost braces in \itemize; meant \describe ?
checkRd: (-1) amTimeSeries.Rd:121: Lost braces in \itemize; meant \describe ?
checkRd: (-1) amTimeSeries.Rd:122: Lost braces in \itemize; meant \describe ?
checkRd: (-1) getCurrentStockData.Rd:56: Lost braces in \itemize; meant \describe ?
checkRd: (-1) getCurrentStockData.Rd:57: Lost braces in \itemize; meant \describe ?
checkRd: (-1) getTransformTS.Rd:59: Lost braces in \itemize; meant \describe ?
checkRd: (-1) getTransformTS.Rd:60: Lost braces in \itemize; meant \describe ?
checkRd: (-1) rAmCharts-shinymodules-ts.Rd:114: Lost braces in \itemize; meant \describe ?
checkRd: (-1) rAmCharts-shinymodules-ts.Rd:115: Lost braces in \itemize; meant \describe ?
checkRd: (-1) rAmCharts-shinymodules-ts.Rd:155: Lost braces in \itemize; meant \describe ?
checkRd: (-1) rAmCharts-shinymodules-ts.Rd:156: Lost braces in \itemize; meant \describe ?
checkRd: (-1) rAmCharts-shinymodules-ts.Rd:157: Lost braces in \itemize; meant \describe ?
checkRd: (-1) rAmCharts-shinymodules-ts.Rd:158: Lost braces in \itemize; meant \describe ?
checkRd: (-1) rAmCharts-shinymodules.Rd:34: Lost braces in \itemize; meant \describe ?
checkRd: (-1) rAmCharts-shinymodules.Rd:35: Lost braces in \itemize; meant \describe ?
checkRd: (-1) rAmCharts-shinymodules.Rd:36: Lost braces in \itemize; meant \describe ?
checkRd: (-1) rAmCharts-shinymodules.Rd:37: Lost braces in \itemize; meant \describe ?
checkRd: (-1) rAmCharts-shinymodules.Rd:38: Lost braces in \itemize; meant \describe ?
Flavors: r-devel-linux-x86_64-debian-clang, r-devel-linux-x86_64-debian-gcc
Version: 2.1.15
Check: installed package size
Result: NOTE
installed size is 12.2Mb
sub-directories of 1Mb or more:
api 3.2Mb
htmlwidgets 7.2Mb
Flavors: r-devel-linux-x86_64-fedora-clang, r-devel-windows-x86_64, r-release-macos-arm64, r-release-macos-x86_64, r-release-windows-x86_64, r-oldrel-macos-arm64, r-oldrel-macos-x86_64, r-oldrel-windows-x86_64