Last updated on 2023-12-05 18:49:34 CET.
Flavor | Version | Tinstall | Tcheck | Ttotal | Status | Flags |
---|---|---|---|---|---|---|
r-devel-linux-x86_64-debian-clang | 0.0.2 | 4.15 | 171.85 | 176.00 | OK | |
r-devel-linux-x86_64-debian-gcc | 0.0.2 | 4.41 | 128.26 | 132.67 | OK | |
r-devel-linux-x86_64-fedora-clang | 0.0.2 | 202.64 | NOTE | |||
r-devel-linux-x86_64-fedora-gcc | 0.0.2 | 217.65 | OK | |||
r-devel-windows-x86_64 | 0.0.2 | 6.00 | 139.00 | 145.00 | NOTE | |
r-patched-linux-x86_64 | 0.0.2 | 4.06 | 162.76 | 166.82 | OK | |
r-release-linux-x86_64 | 0.0.2 | 3.70 | 159.02 | 162.72 | OK | |
r-release-macos-arm64 | 0.0.2 | 72.00 | NOTE | |||
r-release-macos-x86_64 | 0.0.2 | 115.00 | NOTE | |||
r-release-windows-x86_64 | 0.0.2 | 8.00 | 169.00 | 177.00 | NOTE | |
r-oldrel-macos-arm64 | 0.0.2 | 54.00 | NOTE | |||
r-oldrel-macos-x86_64 | 0.0.2 | 76.00 | NOTE | |||
r-oldrel-windows-x86_64 | 0.0.2 | 8.00 | 171.00 | 179.00 | NOTE |
Version: 0.0.2
Check: installed package size
Result: NOTE
installed size is 7.3Mb
sub-directories of 1Mb or more:
doc 5.3Mb
htmlwidgets 1.8Mb
Flavors: r-devel-linux-x86_64-fedora-clang, r-devel-windows-x86_64, r-release-macos-arm64, r-release-macos-x86_64, r-release-windows-x86_64, r-oldrel-macos-arm64, r-oldrel-macos-x86_64, r-oldrel-windows-x86_64