Last updated on 2024-03-28 07:53:00 CET.
Flavor | Version | Tinstall | Tcheck | Ttotal | Status | Flags |
---|---|---|---|---|---|---|
r-devel-linux-x86_64-debian-clang | 1.0.0 | 3.24 | 42.57 | 45.81 | NOTE | |
r-devel-linux-x86_64-debian-gcc | 1.0.0 | 2.72 | 32.41 | 35.13 | NOTE | |
r-devel-linux-x86_64-fedora-clang | 1.0.0 | 60.88 | NOTE | |||
r-devel-linux-x86_64-fedora-gcc | 1.0.0 | 54.88 | NOTE | |||
r-devel-windows-x86_64 | 1.0.0 | 4.00 | 51.00 | 55.00 | NOTE | |
r-patched-linux-x86_64 | 1.0.0 | 2.48 | 41.17 | 43.65 | NOTE | |
r-release-linux-x86_64 | 1.0.0 | 2.99 | 40.65 | 43.64 | NOTE | |
r-release-macos-arm64 | 1.0.0 | 22.00 | NOTE | |||
r-release-macos-x86_64 | 1.0.0 | 30.00 | NOTE | |||
r-release-windows-x86_64 | 1.0.0 | 4.00 | 55.00 | 59.00 | NOTE | |
r-oldrel-macos-arm64 | 1.0.0 | 20.00 | NOTE | |||
r-oldrel-windows-x86_64 | 1.0.0 | 4.00 | 63.00 | 67.00 | NOTE |
Version: 1.0.0
Check: LazyData
Result: NOTE
'LazyData' is specified without a 'data' directory
Flavors: r-devel-linux-x86_64-debian-clang, r-devel-linux-x86_64-debian-gcc, r-devel-linux-x86_64-fedora-clang, r-devel-linux-x86_64-fedora-gcc, r-devel-windows-x86_64, r-patched-linux-x86_64, r-release-linux-x86_64, r-release-macos-arm64, r-release-macos-x86_64, r-release-windows-x86_64, r-oldrel-macos-arm64, r-oldrel-windows-x86_64