Last updated on 2023-09-24 20:00:32 CEST.
Flavor | Version | Tinstall | Tcheck | Ttotal | Status | Flags |
---|---|---|---|---|---|---|
r-devel-linux-x86_64-debian-clang | 0.94.3 | 33.31 | 155.97 | 189.28 | NOTE | |
r-devel-linux-x86_64-debian-gcc | 0.94.3 | 20.24 | 114.27 | 134.51 | NOTE | |
r-devel-linux-x86_64-fedora-clang | 0.94.3 | 237.82 | NOTE | |||
r-devel-linux-x86_64-fedora-gcc | 0.94.3 | 229.87 | NOTE | |||
r-devel-windows-x86_64 | 0.94.3 | 26.00 | 145.00 | 171.00 | NOTE | |
r-patched-linux-x86_64 | 0.94.3 | 35.02 | 149.23 | 184.25 | OK | |
r-release-linux-x86_64 | 0.94.3 | 20.55 | 147.73 | 168.28 | OK | |
r-release-macos-arm64 | 0.94.3 | 68.00 | OK | |||
r-release-macos-x86_64 | 0.94.3 | 108.00 | NOTE | |||
r-release-windows-x86_64 | 0.94.3 | 35.00 | 178.00 | 213.00 | OK | |
r-oldrel-macos-arm64 | 0.94.3 | 63.00 | OK | |||
r-oldrel-macos-x86_64 | 0.94.3 | 83.00 | OK | |||
r-oldrel-windows-x86_64 | 0.94.3 | 32.00 | 180.00 | 212.00 | OK |
Version: 0.94.3
Check: Rd \usage sections
Result: NOTE
Documented arguments not in \usage in documentation object 'wordcloud_comparison':
‘random.color’ ‘ordered.colors’
Functions with \usage entries need to have the appropriate \alias
entries, and all their arguments documented.
The \usage entries must correspond to syntactically valid R code.
See chapter ‘Writing R documentation files’ in the ‘Writing R
Extensions’ manual.
Flavors: r-devel-linux-x86_64-debian-clang, r-devel-linux-x86_64-debian-gcc, r-devel-linux-x86_64-fedora-clang, r-devel-linux-x86_64-fedora-gcc, r-devel-windows-x86_64
Version: 0.94.3
Check: package dependencies
Result: NOTE
Package suggested but not available for checking: ‘quanteda.textmodels’
Flavor: r-release-macos-x86_64
Version: 0.94.3
Check: Rd cross-references
Result: NOTE
Package unavailable to check Rd xrefs: ‘quanteda.textmodels’
Flavor: r-release-macos-x86_64