Last updated on 2023-06-10 19:56:57 CEST.
Flavor | Version | Tinstall | Tcheck | Ttotal | Status | Flags |
---|---|---|---|---|---|---|
r-devel-linux-x86_64-debian-clang | 3.3.1 | 262.26 | 332.25 | 594.51 | OK | |
r-devel-linux-x86_64-debian-gcc | 3.3.1 | 208.85 | 251.82 | 460.67 | OK | |
r-devel-linux-x86_64-fedora-clang | 3.3.1 | 810.17 | NOTE | |||
r-devel-linux-x86_64-fedora-gcc | 3.3.1 | 835.50 | NOTE | |||
r-devel-windows-x86_64 | 3.3.1 | 213.00 | 305.00 | 518.00 | OK | |
r-patched-linux-x86_64 | 3.3.1 | 250.72 | 311.59 | 562.31 | OK | |
r-release-linux-x86_64 | 3.3.1 | 227.18 | 316.01 | 543.19 | OK | |
r-release-macos-arm64 | 3.3.1 | 199.00 | NOTE | |||
r-release-macos-x86_64 | 3.3.0 | 362.00 | NOTE | |||
r-release-windows-x86_64 | 3.3.1 | 284.00 | 387.00 | 671.00 | OK | |
r-oldrel-macos-arm64 | 3.3.1 | 198.00 | NOTE | |||
r-oldrel-macos-x86_64 | 3.3.1 | 234.00 | NOTE | |||
r-oldrel-windows-x86_64 | 3.3.1 | 265.00 | 350.00 | 615.00 | OK |
Version: 3.3.1
Check: data for non-ASCII characters
Result: NOTE
Note: found 4 marked UTF-8 strings
Flavors: r-devel-linux-x86_64-fedora-clang, r-devel-linux-x86_64-fedora-gcc
Version: 3.3.1
Check: installed package size
Result: NOTE
installed size is 9.8Mb
sub-directories of 1Mb or more:
libs 6.9Mb
Flavors: r-release-macos-arm64, r-oldrel-macos-arm64, r-oldrel-macos-x86_64
Version: 3.3.0
Check: installed package size
Result: NOTE
installed size is 9.2Mb
sub-directories of 1Mb or more:
libs 6.4Mb
Flavor: r-release-macos-x86_64