Last updated on 2023-06-04 19:53:18 CEST.
Flavor | Version | Tinstall | Tcheck | Ttotal | Status | Flags |
---|---|---|---|---|---|---|
r-devel-linux-x86_64-debian-clang | 1.1.1 | 8.93 | 293.76 | 302.69 | OK | |
r-devel-linux-x86_64-debian-gcc | 1.1.1 | 5.07 | 179.88 | 184.95 | OK | |
r-devel-linux-x86_64-fedora-clang | 1.1.1 | 373.01 | NOTE | |||
r-devel-linux-x86_64-fedora-gcc | 1.1.1 | 328.23 | NOTE | |||
r-devel-windows-x86_64 | 1.1.1 | 9.00 | 262.00 | 271.00 | OK | |
r-patched-linux-x86_64 | 1.1.1 | 7.86 | 236.65 | 244.51 | OK | |
r-release-linux-x86_64 | 1.1.1 | 5.78 | 234.96 | 240.74 | OK | |
r-release-macos-arm64 | 1.1.1 | 125.00 | OK | |||
r-release-macos-x86_64 | 1.1.1 | 288.00 | OK | |||
r-release-windows-x86_64 | 1.1.1 | 11.00 | 287.00 | 298.00 | OK | |
r-oldrel-macos-arm64 | 1.1.1 | 118.00 | NOTE | |||
r-oldrel-macos-x86_64 | 1.1.1 | 215.00 | NOTE | |||
r-oldrel-windows-x86_64 | 1.1.1 | 12.00 | 276.00 | 288.00 | OK |
Version: 1.1.1
Check: dependencies in R code
Result: NOTE
Namespaces in Imports field not imported from:
‘doParallel’ ‘foreach’
All declared Imports should be used.
Flavors: r-devel-linux-x86_64-fedora-clang, r-devel-linux-x86_64-fedora-gcc, r-oldrel-macos-arm64, r-oldrel-macos-x86_64