Last updated on 2023-05-28 20:04:06 CEST.
Flavor | Version | Tinstall | Tcheck | Ttotal | Status | Flags |
---|---|---|---|---|---|---|
r-devel-linux-x86_64-debian-clang | 0.2.3 | 87.93 | 161.09 | 249.02 | NOTE | |
r-devel-linux-x86_64-debian-gcc | 0.2.3 | 74.05 | 119.27 | 193.32 | NOTE | |
r-devel-linux-x86_64-fedora-clang | 0.2.3 | 324.28 | NOTE | |||
r-devel-linux-x86_64-fedora-gcc | 0.2.3 | 323.79 | NOTE | |||
r-devel-windows-x86_64 | 0.2.3 | 69.00 | 145.00 | 214.00 | NOTE | |
r-patched-linux-x86_64 | 0.2.3 | 72.62 | 148.46 | 221.08 | NOTE | |
r-release-linux-x86_64 | 0.2.3 | 75.30 | 151.99 | 227.29 | NOTE | |
r-release-macos-arm64 | 0.2.3 | 93.00 | NOTE | |||
r-release-macos-x86_64 | 0.2.3 | 147.00 | NOTE | |||
r-release-windows-x86_64 | 0.2.3 | 87.00 | 180.00 | 267.00 | NOTE | |
r-oldrel-macos-arm64 | 0.2.3 | 79.00 | NOTE | |||
r-oldrel-macos-x86_64 | 0.2.3 | 130.00 | NOTE | |||
r-oldrel-windows-x86_64 | 0.2.3 | 86.00 | 169.00 | 255.00 | OK |
Version: 0.2.3
Check: C++ specification
Result: NOTE
Specified C++11: please drop specification unless essential
Flavors: r-devel-linux-x86_64-debian-clang, r-devel-linux-x86_64-debian-gcc, r-devel-linux-x86_64-fedora-clang, r-devel-linux-x86_64-fedora-gcc, r-devel-windows-x86_64, r-patched-linux-x86_64, r-release-linux-x86_64, r-release-macos-arm64, r-release-macos-x86_64, r-release-windows-x86_64
Version: 0.2.3
Check: installed package size
Result: NOTE
installed size is 6.8Mb
sub-directories of 1Mb or more:
libs 5.8Mb
Flavors: r-release-macos-arm64, r-release-macos-x86_64, r-oldrel-macos-arm64, r-oldrel-macos-x86_64