Last updated on 2023-09-22 19:54:40 CEST.
Flavor | Version | Tinstall | Tcheck | Ttotal | Status | Flags |
---|---|---|---|---|---|---|
r-devel-linux-x86_64-debian-clang | 1.2.2 | 29.26 | 176.81 | 206.07 | OK | |
r-devel-linux-x86_64-debian-gcc | 1.2.2 | 17.91 | 125.99 | 143.90 | OK | |
r-devel-linux-x86_64-fedora-clang | 1.2.2 | 248.22 | OK | |||
r-devel-linux-x86_64-fedora-gcc | 1.2.2 | 253.60 | OK | |||
r-devel-windows-x86_64 | 1.2.2 | 26.00 | 174.00 | 200.00 | NOTE | |
r-patched-linux-x86_64 | 1.2.2 | 34.85 | 163.32 | 198.17 | OK | |
r-release-linux-x86_64 | 1.2.2 | 17.99 | 165.47 | 183.46 | OK | |
r-release-macos-arm64 | 1.2.2 | 83.00 | NOTE | |||
r-release-macos-x86_64 | 1.2.2 | 122.00 | NOTE | |||
r-release-windows-x86_64 | 1.2.2 | 31.00 | 211.00 | 242.00 | NOTE | |
r-oldrel-macos-arm64 | 1.2.2 | 80.00 | NOTE | |||
r-oldrel-macos-x86_64 | 1.2.2 | 116.00 | NOTE | |||
r-oldrel-windows-x86_64 | 1.2.2 | 28.00 | 212.00 | 240.00 | NOTE |
Version: 1.2.2
Check: installed package size
Result: NOTE
installed size is 5.6Mb
sub-directories of 1Mb or more:
doc 4.4Mb
Flavors: r-devel-windows-x86_64, r-release-macos-arm64, r-release-macos-x86_64, r-release-windows-x86_64, r-oldrel-macos-arm64, r-oldrel-macos-x86_64, r-oldrel-windows-x86_64