Last updated on 2023-05-29 08:55:07 CEST.
Flavor | Version | Tinstall | Tcheck | Ttotal | Status | Flags |
---|---|---|---|---|---|---|
r-devel-linux-x86_64-debian-clang | 0.32 | 873.39 | 249.98 | 1123.37 | OK | |
r-devel-linux-x86_64-debian-gcc | 0.32 | 687.96 | 191.60 | 879.56 | OK | |
r-devel-linux-x86_64-fedora-clang | 0.32 | 978.56 | NOTE | |||
r-devel-linux-x86_64-fedora-gcc | 0.32 | 1705.42 | OK | |||
r-devel-windows-x86_64 | 0.32 | 667.00 | 247.00 | 914.00 | NOTE | |
r-patched-linux-x86_64 | 0.32 | 738.74 | 244.73 | 983.47 | OK | |
r-release-linux-x86_64 | 0.32 | 698.38 | 244.64 | 943.02 | OK | |
r-release-macos-arm64 | 0.32 | 344.00 | NOTE | |||
r-release-macos-x86_64 | 0.30 | 531.00 | NOTE | |||
r-release-windows-x86_64 | 0.32 | 870.00 | 316.00 | 1186.00 | NOTE | |
r-oldrel-macos-arm64 | 0.32 | 331.00 | NOTE | |||
r-oldrel-macos-x86_64 | 0.32 | 409.00 | NOTE | |||
r-oldrel-windows-x86_64 | 0.32 | 764.00 | 279.00 | 1043.00 | NOTE |
Version: 0.32
Check: installed package size
Result: NOTE
installed size is 6.4Mb
sub-directories of 1Mb or more:
extdata 3.3Mb
libs 1.7Mb
Flavors: r-devel-linux-x86_64-fedora-clang, r-devel-windows-x86_64, r-release-macos-arm64, r-release-windows-x86_64, r-oldrel-macos-arm64, r-oldrel-macos-x86_64, r-oldrel-windows-x86_64
Version: 0.30
Check: installed package size
Result: NOTE
installed size is 37.4Mb
sub-directories of 1Mb or more:
extdata 3.3Mb
libs 32.8Mb
Flavor: r-release-macos-x86_64