Last updated on 2024-03-29 07:54:53 CET.
Flavor | Version | Tinstall | Tcheck | Ttotal | Status | Flags |
---|---|---|---|---|---|---|
r-devel-linux-x86_64-debian-clang | 1.1.1 | 88.75 | 121.05 | 209.80 | NOTE | |
r-devel-linux-x86_64-debian-gcc | 1.1.1 | 67.01 | 102.87 | 169.88 | NOTE | |
r-devel-linux-x86_64-fedora-clang | 1.1.1 | 287.82 | NOTE | |||
r-devel-linux-x86_64-fedora-gcc | 1.1.1 | 276.52 | NOTE | |||
r-devel-windows-x86_64 | 1.1.1 | 69.00 | 116.00 | 185.00 | NOTE | |
r-patched-linux-x86_64 | 1.1.1 | 77.14 | 118.22 | 195.36 | NOTE | |
r-release-linux-x86_64 | 1.1.1 | 84.94 | 120.34 | 205.28 | NOTE | |
r-release-macos-arm64 | 1.1.1 | 73.00 | NOTE | |||
r-release-macos-x86_64 | 1.1.1 | 131.00 | NOTE | |||
r-release-windows-x86_64 | 1.1.1 | 86.00 | 149.00 | 235.00 | NOTE | |
r-oldrel-macos-arm64 | 1.1.1 | 67.00 | OK | |||
r-oldrel-windows-x86_64 | 1.1.1 | 85.00 | 141.00 | 226.00 | OK |
Version: 1.1.1
Check: C++ specification
Result: NOTE
Specified C++11: please drop specification unless essential
Flavors: r-devel-linux-x86_64-debian-clang, r-devel-linux-x86_64-debian-gcc, r-devel-linux-x86_64-fedora-clang, r-devel-linux-x86_64-fedora-gcc, r-devel-windows-x86_64, r-patched-linux-x86_64, r-release-linux-x86_64, r-release-macos-arm64, r-release-macos-x86_64, r-release-windows-x86_64